Last updated on 2025-05-14 02:50:07 CEST.
Flavor | Version | Tinstall | Tcheck | Ttotal | Status | Flags |
---|---|---|---|---|---|---|
r-devel-linux-x86_64-debian-clang | 0.1.1 | 12.30 | 107.97 | 120.27 | NOTE | |
r-devel-linux-x86_64-debian-gcc | 0.1.1 | 8.30 | 76.17 | 84.47 | NOTE | |
r-devel-linux-x86_64-fedora-clang | 0.1.1 | 185.21 | NOTE | |||
r-devel-linux-x86_64-fedora-gcc | 0.1.1 | 204.73 | NOTE | |||
r-devel-windows-x86_64 | 0.1.1 | 14.00 | 105.00 | 119.00 | NOTE | |
r-patched-linux-x86_64 | 0.1.1 | 10.91 | 99.82 | 110.73 | NOTE | |
r-release-linux-x86_64 | 0.1.1 | 10.54 | 98.97 | 109.51 | NOTE | |
r-release-macos-arm64 | 0.1.1 | 55.00 | NOTE | |||
r-release-macos-x86_64 | 0.1.1 | 104.00 | NOTE | |||
r-release-windows-x86_64 | 0.1.1 | 12.00 | 106.00 | 118.00 | NOTE | |
r-oldrel-macos-arm64 | 0.1.1 | 55.00 | NOTE | |||
r-oldrel-macos-x86_64 | 0.1.1 | 90.00 | NOTE | |||
r-oldrel-windows-x86_64 | 0.1.1 | 17.00 | 135.00 | 152.00 | NOTE |
Version: 0.1.1
Check: package subdirectories
Result: NOTE
Problems with news in ‘NEWS.md’:
No news entries found.
Flavors: r-devel-linux-x86_64-debian-clang, r-devel-linux-x86_64-debian-gcc, r-devel-linux-x86_64-fedora-clang, r-devel-linux-x86_64-fedora-gcc, r-devel-windows-x86_64, r-patched-linux-x86_64, r-release-linux-x86_64, r-release-macos-arm64, r-release-macos-x86_64, r-release-windows-x86_64, r-oldrel-macos-arm64, r-oldrel-macos-x86_64, r-oldrel-windows-x86_64
Version: 0.1.1
Check: dependencies in R code
Result: NOTE
Namespace in Imports field not imported from: ‘tidyr’
All declared Imports should be used.
Flavors: r-devel-linux-x86_64-fedora-clang, r-devel-linux-x86_64-fedora-gcc