Last updated on 2025-07-01 02:52:17 CEST.
Flavor | Version | Tinstall | Tcheck | Ttotal | Status | Flags |
---|---|---|---|---|---|---|
r-devel-linux-x86_64-debian-clang | 1.3 | 14.93 | 124.29 | 139.22 | NOTE | |
r-devel-linux-x86_64-debian-gcc | 1.3 | 9.42 | 88.04 | 97.46 | NOTE | |
r-devel-linux-x86_64-fedora-clang | 1.3 | 218.05 | OK | |||
r-devel-linux-x86_64-fedora-gcc | 1.3 | 219.65 | OK | |||
r-devel-windows-x86_64 | 1.3 | 15.00 | 123.00 | 138.00 | OK | |
r-patched-linux-x86_64 | OK | |||||
r-release-linux-x86_64 | 1.3 | 11.54 | 117.00 | 128.54 | OK | |
r-release-macos-arm64 | 1.3 | 65.00 | OK | |||
r-release-macos-x86_64 | 1.3 | 115.00 | OK | |||
r-release-windows-x86_64 | 1.3 | 14.00 | 123.00 | 137.00 | OK | |
r-oldrel-macos-arm64 | 1.3 | 64.00 | OK | |||
r-oldrel-macos-x86_64 | 1.3 | 89.00 | OK | |||
r-oldrel-windows-x86_64 | 1.3 | 20.00 | 157.00 | 177.00 | OK |
Version: 1.3
Check: CRAN incoming feasibility
Result: NOTE
Maintainer: ‘Pengyi Yang <yangpy7@gmail.com>’
No Authors@R field in DESCRIPTION.
Please add one, modifying
Authors@R: person(given = "Pengyi",
family = "Yang",
role = c("aut", "cre"),
email = "yangpy7@gmail.com")
as necessary.
Flavors: r-devel-linux-x86_64-debian-clang, r-devel-linux-x86_64-debian-gcc