CRAN Package Check Results for Package Andromeda

Last updated on 2025-05-14 02:50:07 CEST.

Flavor Version Tinstall Tcheck Ttotal Status Flags
r-devel-linux-x86_64-debian-clang 1.0.0 6.64 88.24 94.88 OK
r-devel-linux-x86_64-debian-gcc 1.0.0 4.27 62.50 66.77 OK
r-devel-linux-x86_64-fedora-clang 1.0.0 151.50 OK
r-devel-linux-x86_64-fedora-gcc 1.0.0 159.94 OK
r-devel-windows-x86_64 1.0.0 8.00 105.00 113.00 OK
r-patched-linux-x86_64 1.0.0 4.93 81.58 86.51 OK
r-release-linux-x86_64 1.0.0 5.31 81.05 86.36 OK
r-release-macos-arm64 1.0.0 50.00 OK
r-release-macos-x86_64 1.0.0 157.00 ERROR
r-release-windows-x86_64 1.0.0 7.00 102.00 109.00 OK
r-oldrel-macos-arm64 1.0.0 56.00 OK
r-oldrel-macos-x86_64 1.0.0 114.00 ERROR
r-oldrel-windows-x86_64 0.6.7 9.00 120.00 129.00 OK

Check Details

Version: 1.0.0
Check: tests
Result: ERROR Running ‘testthat.R’ [7s/7s] Running the tests in ‘tests/testthat.R’ failed. Complete output: > library(testthat) > test_check("Andromeda") Loading required package: Andromeda Loading required package: dplyr Attaching package: 'dplyr' The following object is masked from 'package:testthat': matches The following objects are masked from 'package:stats': filter, lag The following objects are masked from 'package:base': intersect, setdiff, setequal, union [ FAIL 24 | WARN 2 | SKIP 1 | PASS 30 ] ══ Skipped tests (1) ═══════════════════════════════════════════════════════════ • .Platform$OS.type != "windows" is TRUE (1): 'test-object.R:150:3' ══ Failed tests ════════════════════════════════════════════════════════════════ ── Error ('test-appending.R:4:3'): Append from same andromeda ────────────────── Error in `.local(drv, ...)`: rapi_startup: Failed to open database: {"exception_type":"IO","exception_message":"Could not write file \"/private/var/folders/2b/t0kwbtmn3p7brv2mvx39c9cr0000gn/T/Rtmp6Wlr9i/filea532782e8ca8.duckdb\": No space left on device","errno":"28"} Backtrace: ▆ 1. ├─Andromeda::andromeda() at test-appending.R:4:3 2. │ └─Andromeda:::.createAndromeda(options = options) 3. │ ├─duckdb::dbConnect(duckdb::duckdb(), dbdir = dbdir) 4. │ └─duckdb::dbConnect(duckdb::duckdb(), dbdir = dbdir) 5. │ └─duckdb (local) .local(drv, ...) 6. │ └─duckdb::duckdb(dbdir, read_only, bigint, config) 7. │ ├─methods::new(...) 8. │ │ ├─methods::initialize(value, ...) 9. │ │ └─methods::initialize(value, ...) 10. │ └─duckdb:::rethrow_rapi_startup(dbdir, read_only, config, environment_scan) 11. │ ├─rlang::try_fetch(...) 12. │ │ ├─base::tryCatch(...) 13. │ │ │ └─base (local) tryCatchList(expr, classes, parentenv, handlers) 14. │ │ │ └─base (local) tryCatchOne(expr, names, parentenv, handlers[[1L]]) 15. │ │ │ └─base (local) doTryCatch(return(expr), name, parentenv, handler) 16. │ │ └─base::withCallingHandlers(...) 17. │ └─duckdb:::rapi_startup(dbdir, readonly, configsexp, environment_scan) 18. └─base::.handleSimpleError(...) 19. └─rlang (local) h(simpleError(msg, call)) 20. └─handlers[[1L]](cnd) 21. └─duckdb:::rethrow_error_from_rapi(e, call) 22. └─rlang::abort(msg, call = call) ── Error ('test-appending.R:16:3'): Append from other andromeda ──────────────── Error in `.local(drv, ...)`: rapi_startup: Failed to open database: {"exception_type":"IO","exception_message":"Could not write file \"/private/var/folders/2b/t0kwbtmn3p7brv2mvx39c9cr0000gn/T/Rtmp6Wlr9i/filea532cdd78be.duckdb\": No space left on device","errno":"28"} Backtrace: ▆ 1. ├─Andromeda::andromeda() at test-appending.R:16:3 2. │ └─Andromeda:::.createAndromeda(options = options) 3. │ ├─duckdb::dbConnect(duckdb::duckdb(), dbdir = dbdir) 4. │ └─duckdb::dbConnect(duckdb::duckdb(), dbdir = dbdir) 5. │ └─duckdb (local) .local(drv, ...) 6. │ └─duckdb::duckdb(dbdir, read_only, bigint, config) 7. │ ├─methods::new(...) 8. │ │ ├─methods::initialize(value, ...) 9. │ │ └─methods::initialize(value, ...) 10. │ └─duckdb:::rethrow_rapi_startup(dbdir, read_only, config, environment_scan) 11. │ ├─rlang::try_fetch(...) 12. │ │ ├─base::tryCatch(...) 13. │ │ │ └─base (local) tryCatchList(expr, classes, parentenv, handlers) 14. │ │ │ └─base (local) tryCatchOne(expr, names, parentenv, handlers[[1L]]) 15. │ │ │ └─base (local) doTryCatch(return(expr), name, parentenv, handler) 16. │ │ └─base::withCallingHandlers(...) 17. │ └─duckdb:::rapi_startup(dbdir, readonly, configsexp, environment_scan) 18. └─base::.handleSimpleError(...) 19. └─rlang (local) h(simpleError(msg, call)) 20. └─handlers[[1L]](cnd) 21. └─duckdb:::rethrow_error_from_rapi(e, call) 22. └─rlang::abort(msg, call = call) ── Error ('test-appending.R:32:3'): Append from data frame ───────────────────── Error in `.local(drv, ...)`: rapi_startup: Failed to open database: {"exception_type":"IO","exception_message":"Could not write file \"/private/var/folders/2b/t0kwbtmn3p7brv2mvx39c9cr0000gn/T/Rtmp6Wlr9i/filea5324e65919e.duckdb\": No space left on device","errno":"28"} Backtrace: ▆ 1. ├─Andromeda::andromeda() at test-appending.R:32:3 2. │ └─Andromeda:::.createAndromeda(options = options) 3. │ ├─duckdb::dbConnect(duckdb::duckdb(), dbdir = dbdir) 4. │ └─duckdb::dbConnect(duckdb::duckdb(), dbdir = dbdir) 5. │ └─duckdb (local) .local(drv, ...) 6. │ └─duckdb::duckdb(dbdir, read_only, bigint, config) 7. │ ├─methods::new(...) 8. │ │ ├─methods::initialize(value, ...) 9. │ │ └─methods::initialize(value, ...) 10. │ └─duckdb:::rethrow_rapi_startup(dbdir, read_only, config, environment_scan) 11. │ ├─rlang::try_fetch(...) 12. │ │ ├─base::tryCatch(...) 13. │ │ │ └─base (local) tryCatchList(expr, classes, parentenv, handlers) 14. │ │ │ └─base (local) tryCatchOne(expr, names, parentenv, handlers[[1L]]) 15. │ │ │ └─base (local) doTryCatch(return(expr), name, parentenv, handler) 16. │ │ └─base::withCallingHandlers(...) 17. │ └─duckdb:::rapi_startup(dbdir, readonly, configsexp, environment_scan) 18. └─base::.handleSimpleError(...) 19. └─rlang (local) h(simpleError(msg, call)) 20. └─handlers[[1L]](cnd) 21. └─duckdb:::rethrow_error_from_rapi(e, call) 22. └─rlang::abort(msg, call = call) ── Error ('test-appending.R:45:3'): Append from same andromeda with switched column order ── Error in `.local(drv, ...)`: rapi_startup: Failed to open database: {"exception_type":"IO","exception_message":"Could not write file \"/private/var/folders/2b/t0kwbtmn3p7brv2mvx39c9cr0000gn/T/Rtmp6Wlr9i/filea532451d4338.duckdb\": No space left on device","errno":"28"} Backtrace: ▆ 1. ├─Andromeda::andromeda() at test-appending.R:45:3 2. │ └─Andromeda:::.createAndromeda(options = options) 3. │ ├─duckdb::dbConnect(duckdb::duckdb(), dbdir = dbdir) 4. │ └─duckdb::dbConnect(duckdb::duckdb(), dbdir = dbdir) 5. │ └─duckdb (local) .local(drv, ...) 6. │ └─duckdb::duckdb(dbdir, read_only, bigint, config) 7. │ ├─methods::new(...) 8. │ │ ├─methods::initialize(value, ...) 9. │ │ └─methods::initialize(value, ...) 10. │ └─duckdb:::rethrow_rapi_startup(dbdir, read_only, config, environment_scan) 11. │ ├─rlang::try_fetch(...) 12. │ │ ├─base::tryCatch(...) 13. │ │ │ └─base (local) tryCatchList(expr, classes, parentenv, handlers) 14. │ │ │ └─base (local) tryCatchOne(expr, names, parentenv, handlers[[1L]]) 15. │ │ │ └─base (local) doTryCatch(return(expr), name, parentenv, handler) 16. │ │ └─base::withCallingHandlers(...) 17. │ └─duckdb:::rapi_startup(dbdir, readonly, configsexp, environment_scan) 18. └─base::.handleSimpleError(...) 19. └─rlang (local) h(simpleError(msg, call)) 20. └─handlers[[1L]](cnd) 21. └─duckdb:::rethrow_error_from_rapi(e, call) 22. └─rlang::abort(msg, call = call) ── Error ('test-appending.R:57:3'): Append from other andromeda with switched column order ── Error in `.local(drv, ...)`: rapi_startup: Failed to open database: {"exception_type":"IO","exception_message":"Could not write file \"/private/var/folders/2b/t0kwbtmn3p7brv2mvx39c9cr0000gn/T/Rtmp6Wlr9i/filea53238ba0d.duckdb\": No space left on device","errno":"28"} Backtrace: ▆ 1. ├─Andromeda::andromeda() at test-appending.R:57:3 2. │ └─Andromeda:::.createAndromeda(options = options) 3. │ ├─duckdb::dbConnect(duckdb::duckdb(), dbdir = dbdir) 4. │ └─duckdb::dbConnect(duckdb::duckdb(), dbdir = dbdir) 5. │ └─duckdb (local) .local(drv, ...) 6. │ └─duckdb::duckdb(dbdir, read_only, bigint, config) 7. │ ├─methods::new(...) 8. │ │ ├─methods::initialize(value, ...) 9. │ │ └─methods::initialize(value, ...) 10. │ └─duckdb:::rethrow_rapi_startup(dbdir, read_only, config, environment_scan) 11. │ ├─rlang::try_fetch(...) 12. │ │ ├─base::tryCatch(...) 13. │ │ │ └─base (local) tryCatchList(expr, classes, parentenv, handlers) 14. │ │ │ └─base (local) tryCatchOne(expr, names, parentenv, handlers[[1L]]) 15. │ │ │ └─base (local) doTryCatch(return(expr), name, parentenv, handler) 16. │ │ └─base::withCallingHandlers(...) 17. │ └─duckdb:::rapi_startup(dbdir, readonly, configsexp, environment_scan) 18. └─base::.handleSimpleError(...) 19. └─rlang (local) h(simpleError(msg, call)) 20. └─handlers[[1L]](cnd) 21. └─duckdb:::rethrow_error_from_rapi(e, call) 22. └─rlang::abort(msg, call = call) ── Error ('test-appending.R:73:3'): Append from data frame with switched column order ── Error in `.local(drv, ...)`: rapi_startup: Failed to open database: {"exception_type":"IO","exception_message":"Could not write file \"/private/var/folders/2b/t0kwbtmn3p7brv2mvx39c9cr0000gn/T/Rtmp6Wlr9i/filea5322c8c4df5.duckdb\": No space left on device","errno":"28"} Backtrace: ▆ 1. ├─Andromeda::andromeda() at test-appending.R:73:3 2. │ └─Andromeda:::.createAndromeda(options = options) 3. │ ├─duckdb::dbConnect(duckdb::duckdb(), dbdir = dbdir) 4. │ └─duckdb::dbConnect(duckdb::duckdb(), dbdir = dbdir) 5. │ └─duckdb (local) .local(drv, ...) 6. │ └─duckdb::duckdb(dbdir, read_only, bigint, config) 7. │ ├─methods::new(...) 8. │ │ ├─methods::initialize(value, ...) 9. │ │ └─methods::initialize(value, ...) 10. │ └─duckdb:::rethrow_rapi_startup(dbdir, read_only, config, environment_scan) 11. │ ├─rlang::try_fetch(...) 12. │ │ ├─base::tryCatch(...) 13. │ │ │ └─base (local) tryCatchList(expr, classes, parentenv, handlers) 14. │ │ │ └─base (local) tryCatchOne(expr, names, parentenv, handlers[[1L]]) 15. │ │ │ └─base (local) doTryCatch(return(expr), name, parentenv, handler) 16. │ │ └─base::withCallingHandlers(...) 17. │ └─duckdb:::rapi_startup(dbdir, readonly, configsexp, environment_scan) 18. └─base::.handleSimpleError(...) 19. └─rlang (local) h(simpleError(msg, call)) 20. └─handlers[[1L]](cnd) 21. └─duckdb:::rethrow_error_from_rapi(e, call) 22. └─rlang::abort(msg, call = call) ── Error ('test-batching.R:4:3'): batchApply ─────────────────────────────────── Error in `.local(drv, ...)`: rapi_startup: Failed to open database: {"exception_type":"IO","exception_message":"Could not write file \"/private/var/folders/2b/t0kwbtmn3p7brv2mvx39c9cr0000gn/T/Rtmp6Wlr9i/filea532431ad7e4.duckdb\": No space left on device","errno":"28"} Backtrace: ▆ 1. ├─Andromeda::andromeda() at test-batching.R:4:3 2. │ └─Andromeda:::.createAndromeda(options = options) 3. │ ├─duckdb::dbConnect(duckdb::duckdb(), dbdir = dbdir) 4. │ └─duckdb::dbConnect(duckdb::duckdb(), dbdir = dbdir) 5. │ └─duckdb (local) .local(drv, ...) 6. │ └─duckdb::duckdb(dbdir, read_only, bigint, config) 7. │ ├─methods::new(...) 8. │ │ ├─methods::initialize(value, ...) 9. │ │ └─methods::initialize(value, ...) 10. │ └─duckdb:::rethrow_rapi_startup(dbdir, read_only, config, environment_scan) 11. │ ├─rlang::try_fetch(...) 12. │ │ ├─base::tryCatch(...) 13. │ │ │ └─base (local) tryCatchList(expr, classes, parentenv, handlers) 14. │ │ │ └─base (local) tryCatchOne(expr, names, parentenv, handlers[[1L]]) 15. │ │ │ └─base (local) doTryCatch(return(expr), name, parentenv, handler) 16. │ │ └─base::withCallingHandlers(...) 17. │ └─duckdb:::rapi_startup(dbdir, readonly, configsexp, environment_scan) 18. └─base::.handleSimpleError(...) 19. └─rlang (local) h(simpleError(msg, call)) 20. └─handlers[[1L]](cnd) 21. └─duckdb:::rethrow_error_from_rapi(e, call) 22. └─rlang::abort(msg, call = call) ── Error ('test-batching.R:19:3'): batchApply safe mode ──────────────────────── Error in `.local(drv, ...)`: rapi_startup: Failed to open database: {"exception_type":"IO","exception_message":"Could not write file \"/private/var/folders/2b/t0kwbtmn3p7brv2mvx39c9cr0000gn/T/Rtmp6Wlr9i/filea532717e9d2d.duckdb\": No space left on device","errno":"28"} Backtrace: ▆ 1. ├─Andromeda::andromeda() at test-batching.R:19:3 2. │ └─Andromeda:::.createAndromeda(options = options) 3. │ ├─duckdb::dbConnect(duckdb::duckdb(), dbdir = dbdir) 4. │ └─duckdb::dbConnect(duckdb::duckdb(), dbdir = dbdir) 5. │ └─duckdb (local) .local(drv, ...) 6. │ └─duckdb::duckdb(dbdir, read_only, bigint, config) 7. │ ├─methods::new(...) 8. │ │ ├─methods::initialize(value, ...) 9. │ │ └─methods::initialize(value, ...) 10. │ └─duckdb:::rethrow_rapi_startup(dbdir, read_only, config, environment_scan) 11. │ ├─rlang::try_fetch(...) 12. │ │ ├─base::tryCatch(...) 13. │ │ │ └─base (local) tryCatchList(expr, classes, parentenv, handlers) 14. │ │ │ └─base (local) tryCatchOne(expr, names, parentenv, handlers[[1L]]) 15. │ │ │ └─base (local) doTryCatch(return(expr), name, parentenv, handler) 16. │ │ └─base::withCallingHandlers(...) 17. │ └─duckdb:::rapi_startup(dbdir, readonly, configsexp, environment_scan) 18. └─base::.handleSimpleError(...) 19. └─rlang (local) h(simpleError(msg, call)) 20. └─handlers[[1L]](cnd) 21. └─duckdb:::rethrow_error_from_rapi(e, call) 22. └─rlang::abort(msg, call = call) ── Error ('test-batching.R:40:3'): batchApply progress bar ───────────────────── Error in `.local(drv, ...)`: rapi_startup: Failed to open database: {"exception_type":"IO","exception_message":"Could not write file \"/private/var/folders/2b/t0kwbtmn3p7brv2mvx39c9cr0000gn/T/Rtmp6Wlr9i/filea53256da494e.duckdb\": No space left on device","errno":"28"} Backtrace: ▆ 1. ├─Andromeda::andromeda() at test-batching.R:40:3 2. │ └─Andromeda:::.createAndromeda(options = options) 3. │ ├─duckdb::dbConnect(duckdb::duckdb(), dbdir = dbdir) 4. │ └─duckdb::dbConnect(duckdb::duckdb(), dbdir = dbdir) 5. │ └─duckdb (local) .local(drv, ...) 6. │ └─duckdb::duckdb(dbdir, read_only, bigint, config) 7. │ ├─methods::new(...) 8. │ │ ├─methods::initialize(value, ...) 9. │ │ └─methods::initialize(value, ...) 10. │ └─duckdb:::rethrow_rapi_startup(dbdir, read_only, config, environment_scan) 11. │ ├─rlang::try_fetch(...) 12. │ │ ├─base::tryCatch(...) 13. │ │ │ └─base (local) tryCatchList(expr, classes, parentenv, handlers) 14. │ │ │ └─base (local) tryCatchOne(expr, names, parentenv, handlers[[1L]]) 15. │ │ │ └─base (local) doTryCatch(return(expr), name, parentenv, handler) 16. │ │ └─base::withCallingHandlers(...) 17. │ └─duckdb:::rapi_startup(dbdir, readonly, configsexp, environment_scan) 18. └─base::.handleSimpleError(...) 19. └─rlang (local) h(simpleError(msg, call)) 20. └─handlers[[1L]](cnd) 21. └─duckdb:::rethrow_error_from_rapi(e, call) 22. └─rlang::abort(msg, call = call) ── Error ('test-batching.R:52:3'): groupApply ────────────────────────────────── Error in `.local(drv, ...)`: rapi_startup: Failed to open database: {"exception_type":"IO","exception_message":"Could not write file \"/private/var/folders/2b/t0kwbtmn3p7brv2mvx39c9cr0000gn/T/Rtmp6Wlr9i/filea53230aae376.duckdb\": No space left on device","errno":"28"} Backtrace: ▆ 1. ├─Andromeda::andromeda() at test-batching.R:52:3 2. │ └─Andromeda:::.createAndromeda(options = options) 3. │ ├─duckdb::dbConnect(duckdb::duckdb(), dbdir = dbdir) 4. │ └─duckdb::dbConnect(duckdb::duckdb(), dbdir = dbdir) 5. │ └─duckdb (local) .local(drv, ...) 6. │ └─duckdb::duckdb(dbdir, read_only, bigint, config) 7. │ ├─methods::new(...) 8. │ │ ├─methods::initialize(value, ...) 9. │ │ └─methods::initialize(value, ...) 10. │ └─duckdb:::rethrow_rapi_startup(dbdir, read_only, config, environment_scan) 11. │ ├─rlang::try_fetch(...) 12. │ │ ├─base::tryCatch(...) 13. │ │ │ └─base (local) tryCatchList(expr, classes, parentenv, handlers) 14. │ │ │ └─base (local) tryCatchOne(expr, names, parentenv, handlers[[1L]]) 15. │ │ │ └─base (local) doTryCatch(return(expr), name, parentenv, handler) 16. │ │ └─base::withCallingHandlers(...) 17. │ └─duckdb:::rapi_startup(dbdir, readonly, configsexp, environment_scan) 18. └─base::.handleSimpleError(...) 19. └─rlang (local) h(simpleError(msg, call)) 20. └─handlers[[1L]](cnd) 21. └─duckdb:::rethrow_error_from_rapi(e, call) 22. └─rlang::abort(msg, call = call) ── Error ('test-batching.R:67:3'): groupApply progress bar ───────────────────── Error in `.local(drv, ...)`: rapi_startup: Failed to open database: {"exception_type":"IO","exception_message":"Could not write file \"/private/var/folders/2b/t0kwbtmn3p7brv2mvx39c9cr0000gn/T/Rtmp6Wlr9i/filea532fce17a8.duckdb\": No space left on device","errno":"28"} Backtrace: ▆ 1. ├─Andromeda::andromeda() at test-batching.R:67:3 2. │ └─Andromeda:::.createAndromeda(options = options) 3. │ ├─duckdb::dbConnect(duckdb::duckdb(), dbdir = dbdir) 4. │ └─duckdb::dbConnect(duckdb::duckdb(), dbdir = dbdir) 5. │ └─duckdb (local) .local(drv, ...) 6. │ └─duckdb::duckdb(dbdir, read_only, bigint, config) 7. │ ├─methods::new(...) 8. │ │ ├─methods::initialize(value, ...) 9. │ │ └─methods::initialize(value, ...) 10. │ └─duckdb:::rethrow_rapi_startup(dbdir, read_only, config, environment_scan) 11. │ ├─rlang::try_fetch(...) 12. │ │ ├─base::tryCatch(...) 13. │ │ │ └─base (local) tryCatchList(expr, classes, parentenv, handlers) 14. │ │ │ └─base (local) tryCatchOne(expr, names, parentenv, handlers[[1L]]) 15. │ │ │ └─base (local) doTryCatch(return(expr), name, parentenv, handler) 16. │ │ └─base::withCallingHandlers(...) 17. │ └─duckdb:::rapi_startup(dbdir, readonly, configsexp, environment_scan) 18. └─base::.handleSimpleError(...) 19. └─rlang (local) h(simpleError(msg, call)) 20. └─handlers[[1L]](cnd) 21. └─duckdb:::rethrow_error_from_rapi(e, call) 22. └─rlang::abort(msg, call = call) ── Error ('test-batching.R:80:3'): batchTest ─────────────────────────────────── Error in `.local(drv, ...)`: rapi_startup: Failed to open database: {"exception_type":"IO","exception_message":"Could not write file \"/private/var/folders/2b/t0kwbtmn3p7brv2mvx39c9cr0000gn/T/Rtmp6Wlr9i/filea53252a02d23.duckdb\": No space left on device","errno":"28"} Backtrace: ▆ 1. ├─Andromeda::andromeda(cars = cars) at test-batching.R:80:3 2. │ └─Andromeda:::.createAndromeda(options = options) 3. │ ├─duckdb::dbConnect(duckdb::duckdb(), dbdir = dbdir) 4. │ └─duckdb::dbConnect(duckdb::duckdb(), dbdir = dbdir) 5. │ └─duckdb (local) .local(drv, ...) 6. │ └─duckdb::duckdb(dbdir, read_only, bigint, config) 7. │ ├─methods::new(...) 8. │ │ ├─methods::initialize(value, ...) 9. │ │ └─methods::initialize(value, ...) 10. │ └─duckdb:::rethrow_rapi_startup(dbdir, read_only, config, environment_scan) 11. │ ├─rlang::try_fetch(...) 12. │ │ ├─base::tryCatch(...) 13. │ │ │ └─base (local) tryCatchList(expr, classes, parentenv, handlers) 14. │ │ │ └─base (local) tryCatchOne(expr, names, parentenv, handlers[[1L]]) 15. │ │ │ └─base (local) doTryCatch(return(expr), name, parentenv, handler) 16. │ │ └─base::withCallingHandlers(...) 17. │ └─duckdb:::rapi_startup(dbdir, readonly, configsexp, environment_scan) 18. └─base::.handleSimpleError(...) 19. └─rlang (local) h(simpleError(msg, call)) 20. └─handlers[[1L]](cnd) 21. └─duckdb:::rethrow_error_from_rapi(e, call) 22. └─rlang::abort(msg, call = call) ── Error ('test-dates.R:4:3'): Dates are preserved ───────────────────────────── Error in `.local(drv, ...)`: rapi_startup: Failed to open database: {"exception_type":"IO","exception_message":"Could not write file \"/private/var/folders/2b/t0kwbtmn3p7brv2mvx39c9cr0000gn/T/Rtmp6Wlr9i/filea5324a8d7919.duckdb\": No space left on device","errno":"28"} Backtrace: ▆ 1. ├─Andromeda::andromeda() at test-dates.R:4:3 2. │ └─Andromeda:::.createAndromeda(options = options) 3. │ ├─duckdb::dbConnect(duckdb::duckdb(), dbdir = dbdir) 4. │ └─duckdb::dbConnect(duckdb::duckdb(), dbdir = dbdir) 5. │ └─duckdb (local) .local(drv, ...) 6. │ └─duckdb::duckdb(dbdir, read_only, bigint, config) 7. │ ├─methods::new(...) 8. │ │ ├─methods::initialize(value, ...) 9. │ │ └─methods::initialize(value, ...) 10. │ └─duckdb:::rethrow_rapi_startup(dbdir, read_only, config, environment_scan) 11. │ ├─rlang::try_fetch(...) 12. │ │ ├─base::tryCatch(...) 13. │ │ │ └─base (local) tryCatchList(expr, classes, parentenv, handlers) 14. │ │ │ └─base (local) tryCatchOne(expr, names, parentenv, handlers[[1L]]) 15. │ │ │ └─base (local) doTryCatch(return(expr), name, parentenv, handler) 16. │ │ └─base::withCallingHandlers(...) 17. │ └─duckdb:::rapi_startup(dbdir, readonly, configsexp, environment_scan) 18. └─base::.handleSimpleError(...) 19. └─rlang (local) h(simpleError(msg, call)) 20. └─handlers[[1L]](cnd) 21. └─duckdb:::rethrow_error_from_rapi(e, call) 22. └─rlang::abort(msg, call = call) ── Error ('test-dates.R:34:3'): Times are preserved ──────────────────────────── Error in `.local(drv, ...)`: rapi_startup: Failed to open database: {"exception_type":"IO","exception_message":"Could not write file \"/private/var/folders/2b/t0kwbtmn3p7brv2mvx39c9cr0000gn/T/Rtmp6Wlr9i/filea532687c87f3.duckdb\": No space left on device","errno":"28"} Backtrace: ▆ 1. ├─Andromeda::andromeda() at test-dates.R:34:3 2. │ └─Andromeda:::.createAndromeda(options = options) 3. │ ├─duckdb::dbConnect(duckdb::duckdb(), dbdir = dbdir) 4. │ └─duckdb::dbConnect(duckdb::duckdb(), dbdir = dbdir) 5. │ └─duckdb (local) .local(drv, ...) 6. │ └─duckdb::duckdb(dbdir, read_only, bigint, config) 7. │ ├─methods::new(...) 8. │ │ ├─methods::initialize(value, ...) 9. │ │ └─methods::initialize(value, ...) 10. │ └─duckdb:::rethrow_rapi_startup(dbdir, read_only, config, environment_scan) 11. │ ├─rlang::try_fetch(...) 12. │ │ ├─base::tryCatch(...) 13. │ │ │ └─base (local) tryCatchList(expr, classes, parentenv, handlers) 14. │ │ │ └─base (local) tryCatchOne(expr, names, parentenv, handlers[[1L]]) 15. │ │ │ └─base (local) doTryCatch(return(expr), name, parentenv, handler) 16. │ │ └─base::withCallingHandlers(...) 17. │ └─duckdb:::rapi_startup(dbdir, readonly, configsexp, environment_scan) 18. └─base::.handleSimpleError(...) 19. └─rlang (local) h(simpleError(msg, call)) 20. └─handlers[[1L]](cnd) 21. └─duckdb:::rethrow_error_from_rapi(e, call) 22. └─rlang::abort(msg, call = call) ── Error ('test-indices.R:4:3'): Index creation. listing, and removal using column names ── Error in `.local(drv, ...)`: rapi_startup: Failed to open database: {"exception_type":"IO","exception_message":"Could not write file \"/private/var/folders/2b/t0kwbtmn3p7brv2mvx39c9cr0000gn/T/Rtmp6Wlr9i/filea5325a8ed614.duckdb\": No space left on device","errno":"28"} Backtrace: ▆ 1. ├─Andromeda::andromeda(cars = cars) at test-indices.R:4:3 2. │ └─Andromeda:::.createAndromeda(options = options) 3. │ ├─duckdb::dbConnect(duckdb::duckdb(), dbdir = dbdir) 4. │ └─duckdb::dbConnect(duckdb::duckdb(), dbdir = dbdir) 5. │ └─duckdb (local) .local(drv, ...) 6. │ └─duckdb::duckdb(dbdir, read_only, bigint, config) 7. │ ├─methods::new(...) 8. │ │ ├─methods::initialize(value, ...) 9. │ │ └─methods::initialize(value, ...) 10. │ └─duckdb:::rethrow_rapi_startup(dbdir, read_only, config, environment_scan) 11. │ ├─rlang::try_fetch(...) 12. │ │ ├─base::tryCatch(...) 13. │ │ │ └─base (local) tryCatchList(expr, classes, parentenv, handlers) 14. │ │ │ └─base (local) tryCatchOne(expr, names, parentenv, handlers[[1L]]) 15. │ │ │ └─base (local) doTryCatch(return(expr), name, parentenv, handler) 16. │ │ └─base::withCallingHandlers(...) 17. │ └─duckdb:::rapi_startup(dbdir, readonly, configsexp, environment_scan) 18. └─base::.handleSimpleError(...) 19. └─rlang (local) h(simpleError(msg, call)) 20. └─handlers[[1L]](cnd) 21. └─duckdb:::rethrow_error_from_rapi(e, call) 22. └─rlang::abort(msg, call = call) ── Error ('test-indices.R:26:3'): Index creation. listing, and removal using index name ── Error in `.local(drv, ...)`: rapi_startup: Failed to open database: {"exception_type":"IO","exception_message":"Could not write file \"/private/var/folders/2b/t0kwbtmn3p7brv2mvx39c9cr0000gn/T/Rtmp6Wlr9i/filea5327a1fa03.duckdb\": No space left on device","errno":"28"} Backtrace: ▆ 1. ├─Andromeda::andromeda(cars = cars) at test-indices.R:26:3 2. │ └─Andromeda:::.createAndromeda(options = options) 3. │ ├─duckdb::dbConnect(duckdb::duckdb(), dbdir = dbdir) 4. │ └─duckdb::dbConnect(duckdb::duckdb(), dbdir = dbdir) 5. │ └─duckdb (local) .local(drv, ...) 6. │ └─duckdb::duckdb(dbdir, read_only, bigint, config) 7. │ ├─methods::new(...) 8. │ │ ├─methods::initialize(value, ...) 9. │ │ └─methods::initialize(value, ...) 10. │ └─duckdb:::rethrow_rapi_startup(dbdir, read_only, config, environment_scan) 11. │ ├─rlang::try_fetch(...) 12. │ │ ├─base::tryCatch(...) 13. │ │ │ └─base (local) tryCatchList(expr, classes, parentenv, handlers) 14. │ │ │ └─base (local) tryCatchOne(expr, names, parentenv, handlers[[1L]]) 15. │ │ │ └─base (local) doTryCatch(return(expr), name, parentenv, handler) 16. │ │ └─base::withCallingHandlers(...) 17. │ └─duckdb:::rapi_startup(dbdir, readonly, configsexp, environment_scan) 18. └─base::.handleSimpleError(...) 19. └─rlang (local) h(simpleError(msg, call)) 20. └─handlers[[1L]](cnd) 21. └─duckdb:::rethrow_error_from_rapi(e, call) 22. └─rlang::abort(msg, call = call) ── Error ('test-loadingSaving.R:4:3'): Saving and loading ────────────────────── Error in `.local(drv, ...)`: rapi_startup: Failed to open database: {"exception_type":"IO","exception_message":"Could not write file \"/private/var/folders/2b/t0kwbtmn3p7brv2mvx39c9cr0000gn/T/Rtmp6Wlr9i/filea532549d1e4a.duckdb\": No space left on device","errno":"28"} Backtrace: ▆ 1. ├─Andromeda::andromeda() at test-loadingSaving.R:4:3 2. │ └─Andromeda:::.createAndromeda(options = options) 3. │ ├─duckdb::dbConnect(duckdb::duckdb(), dbdir = dbdir) 4. │ └─duckdb::dbConnect(duckdb::duckdb(), dbdir = dbdir) 5. │ └─duckdb (local) .local(drv, ...) 6. │ └─duckdb::duckdb(dbdir, read_only, bigint, config) 7. │ ├─methods::new(...) 8. │ │ ├─methods::initialize(value, ...) 9. │ │ └─methods::initialize(value, ...) 10. │ └─duckdb:::rethrow_rapi_startup(dbdir, read_only, config, environment_scan) 11. │ ├─rlang::try_fetch(...) 12. │ │ ├─base::tryCatch(...) 13. │ │ │ └─base (local) tryCatchList(expr, classes, parentenv, handlers) 14. │ │ │ └─base (local) tryCatchOne(expr, names, parentenv, handlers[[1L]]) 15. │ │ │ └─base (local) doTryCatch(return(expr), name, parentenv, handler) 16. │ │ └─base::withCallingHandlers(...) 17. │ └─duckdb:::rapi_startup(dbdir, readonly, configsexp, environment_scan) 18. └─base::.handleSimpleError(...) 19. └─rlang (local) h(simpleError(msg, call)) 20. └─handlers[[1L]](cnd) 21. └─duckdb:::rethrow_error_from_rapi(e, call) 22. └─rlang::abort(msg, call = call) ── Error ('test-loadingSaving.R:46:3'): Object cleanup when loading and saving ── Error in `.local(drv, ...)`: rapi_startup: Failed to open database: {"exception_type":"IO","exception_message":"Could not write file \"/private/var/folders/2b/t0kwbtmn3p7brv2mvx39c9cr0000gn/T/Rtmp6Wlr9i/filea532705da655.duckdb\": No space left on device","errno":"28"} Backtrace: ▆ 1. ├─Andromeda::andromeda() at test-loadingSaving.R:46:3 2. │ └─Andromeda:::.createAndromeda(options = options) 3. │ ├─duckdb::dbConnect(duckdb::duckdb(), dbdir = dbdir) 4. │ └─duckdb::dbConnect(duckdb::duckdb(), dbdir = dbdir) 5. │ └─duckdb (local) .local(drv, ...) 6. │ └─duckdb::duckdb(dbdir, read_only, bigint, config) 7. │ ├─methods::new(...) 8. │ │ ├─methods::initialize(value, ...) 9. │ │ └─methods::initialize(value, ...) 10. │ └─duckdb:::rethrow_rapi_startup(dbdir, read_only, config, environment_scan) 11. │ ├─rlang::try_fetch(...) 12. │ │ ├─base::tryCatch(...) 13. │ │ │ └─base (local) tryCatchList(expr, classes, parentenv, handlers) 14. │ │ │ └─base (local) tryCatchOne(expr, names, parentenv, handlers[[1L]]) 15. │ │ │ └─base (local) doTryCatch(return(expr), name, parentenv, handler) 16. │ │ └─base::withCallingHandlers(...) 17. │ └─duckdb:::rapi_startup(dbdir, readonly, configsexp, environment_scan) 18. └─base::.handleSimpleError(...) 19. └─rlang (local) h(simpleError(msg, call)) 20. └─handlers[[1L]](cnd) 21. └─duckdb:::rethrow_error_from_rapi(e, call) 22. └─rlang::abort(msg, call = call) ── Error ('test-loadingSaving.R:68:3'): saveAndromeda handles bad file paths and tilde expansion ── Error in `.local(drv, ...)`: rapi_startup: Failed to open database: {"exception_type":"IO","exception_message":"Could not write file \"/private/var/folders/2b/t0kwbtmn3p7brv2mvx39c9cr0000gn/T/Rtmp6Wlr9i/filea53246cd946d.duckdb\": No space left on device","errno":"28"} Backtrace: ▆ 1. ├─Andromeda::andromeda(cars = cars) at test-loadingSaving.R:68:3 2. │ └─Andromeda:::.createAndromeda(options = options) 3. │ ├─duckdb::dbConnect(duckdb::duckdb(), dbdir = dbdir) 4. │ └─duckdb::dbConnect(duckdb::duckdb(), dbdir = dbdir) 5. │ └─duckdb (local) .local(drv, ...) 6. │ └─duckdb::duckdb(dbdir, read_only, bigint, config) 7. │ ├─methods::new(...) 8. │ │ ├─methods::initialize(value, ...) 9. │ │ └─methods::initialize(value, ...) 10. │ └─duckdb:::rethrow_rapi_startup(dbdir, read_only, config, environment_scan) 11. │ ├─rlang::try_fetch(...) 12. │ │ ├─base::tryCatch(...) 13. │ │ │ └─base (local) tryCatchList(expr, classes, parentenv, handlers) 14. │ │ │ └─base (local) tryCatchOne(expr, names, parentenv, handlers[[1L]]) 15. │ │ │ └─base (local) doTryCatch(return(expr), name, parentenv, handler) 16. │ │ └─base::withCallingHandlers(...) 17. │ └─duckdb:::rapi_startup(dbdir, readonly, configsexp, environment_scan) 18. └─base::.handleSimpleError(...) 19. └─rlang (local) h(simpleError(msg, call)) 20. └─handlers[[1L]](cnd) 21. └─duckdb:::rethrow_error_from_rapi(e, call) 22. └─rlang::abort(msg, call = call) ── Error ('test-loadingSaving.R:78:3'): saveAndromeda perfroms tilde expansion ── Error in `.local(drv, ...)`: rapi_startup: Failed to open database: {"exception_type":"IO","exception_message":"Could not write file \"/private/var/folders/2b/t0kwbtmn3p7brv2mvx39c9cr0000gn/T/Rtmp6Wlr9i/filea5325366d53d.duckdb\": No space left on device","errno":"28"} Backtrace: ▆ 1. ├─Andromeda::andromeda(cars = cars) at test-loadingSaving.R:78:3 2. │ └─Andromeda:::.createAndromeda(options = options) 3. │ ├─duckdb::dbConnect(duckdb::duckdb(), dbdir = dbdir) 4. │ └─duckdb::dbConnect(duckdb::duckdb(), dbdir = dbdir) 5. │ └─duckdb (local) .local(drv, ...) 6. │ └─duckdb::duckdb(dbdir, read_only, bigint, config) 7. │ ├─methods::new(...) 8. │ │ ├─methods::initialize(value, ...) 9. │ │ └─methods::initialize(value, ...) 10. │ └─duckdb:::rethrow_rapi_startup(dbdir, read_only, config, environment_scan) 11. │ ├─rlang::try_fetch(...) 12. │ │ ├─base::tryCatch(...) 13. │ │ │ └─base (local) tryCatchList(expr, classes, parentenv, handlers) 14. │ │ │ └─base (local) tryCatchOne(expr, names, parentenv, handlers[[1L]]) 15. │ │ │ └─base (local) doTryCatch(return(expr), name, parentenv, handler) 16. │ │ └─base::withCallingHandlers(...) 17. │ └─duckdb:::rapi_startup(dbdir, readonly, configsexp, environment_scan) 18. └─base::.handleSimpleError(...) 19. └─rlang (local) h(simpleError(msg, call)) 20. └─handlers[[1L]](cnd) 21. └─duckdb:::rethrow_error_from_rapi(e, call) 22. └─rlang::abort(msg, call = call) ── Error ('test-loadingSaving.R:88:3'): getAndromedaTempDiskSpace works ──────── Error in `.local(drv, ...)`: rapi_startup: Failed to open database: {"exception_type":"IO","exception_message":"Could not write file \"/private/var/folders/2b/t0kwbtmn3p7brv2mvx39c9cr0000gn/T/Rtmp6Wlr9i/filea532dc2ea32.duckdb\": No space left on device","errno":"28"} Backtrace: ▆ 1. ├─Andromeda::andromeda(cars = cars) at test-loadingSaving.R:88:3 2. │ └─Andromeda:::.createAndromeda(options = options) 3. │ ├─duckdb::dbConnect(duckdb::duckdb(), dbdir = dbdir) 4. │ └─duckdb::dbConnect(duckdb::duckdb(), dbdir = dbdir) 5. │ └─duckdb (local) .local(drv, ...) 6. │ └─duckdb::duckdb(dbdir, read_only, bigint, config) 7. │ ├─methods::new(...) 8. │ │ ├─methods::initialize(value, ...) 9. │ │ └─methods::initialize(value, ...) 10. │ └─duckdb:::rethrow_rapi_startup(dbdir, read_only, config, environment_scan) 11. │ ├─rlang::try_fetch(...) 12. │ │ ├─base::tryCatch(...) 13. │ │ │ └─base (local) tryCatchList(expr, classes, parentenv, handlers) 14. │ │ │ └─base (local) tryCatchOne(expr, names, parentenv, handlers[[1L]]) 15. │ │ │ └─base (local) doTryCatch(return(expr), name, parentenv, handler) 16. │ │ └─base::withCallingHandlers(...) 17. │ └─duckdb:::rapi_startup(dbdir, readonly, configsexp, environment_scan) 18. └─base::.handleSimpleError(...) 19. └─rlang (local) h(simpleError(msg, call)) 20. └─handlers[[1L]](cnd) 21. └─duckdb:::rethrow_error_from_rapi(e, call) 22. └─rlang::abort(msg, call = call) ── Error ('test-object.R:4:3'): Object creation ──────────────────────────────── Error in `.local(drv, ...)`: rapi_startup: Failed to open database: {"exception_type":"IO","exception_message":"Could not write file \"/private/var/folders/2b/t0kwbtmn3p7brv2mvx39c9cr0000gn/T/Rtmp6Wlr9i/filea532754b9026.duckdb\": No space left on device","errno":"28"} Backtrace: ▆ 1. ├─Andromeda::andromeda() at test-object.R:4:3 2. │ └─Andromeda:::.createAndromeda(options = options) 3. │ ├─duckdb::dbConnect(duckdb::duckdb(), dbdir = dbdir) 4. │ └─duckdb::dbConnect(duckdb::duckdb(), dbdir = dbdir) 5. │ └─duckdb (local) .local(drv, ...) 6. │ └─duckdb::duckdb(dbdir, read_only, bigint, config) 7. │ ├─methods::new(...) 8. │ │ ├─methods::initialize(value, ...) 9. │ │ └─methods::initialize(value, ...) 10. │ └─duckdb:::rethrow_rapi_startup(dbdir, read_only, config, environment_scan) 11. │ ├─rlang::try_fetch(...) 12. │ │ ├─base::tryCatch(...) 13. │ │ │ └─base (local) tryCatchList(expr, classes, parentenv, handlers) 14. │ │ │ └─base (local) tryCatchOne(expr, names, parentenv, handlers[[1L]]) 15. │ │ │ └─base (local) doTryCatch(return(expr), name, parentenv, handler) 16. │ │ └─base::withCallingHandlers(...) 17. │ └─duckdb:::rapi_startup(dbdir, readonly, configsexp, environment_scan) 18. └─base::.handleSimpleError(...) 19. └─rlang (local) h(simpleError(msg, call)) 20. └─handlers[[1L]](cnd) 21. └─duckdb:::rethrow_error_from_rapi(e, call) 22. └─rlang::abort(msg, call = call) ── Error ('test-object.R:23:3'): Tables from data frames ─────────────────────── Error in `.local(drv, ...)`: rapi_startup: Failed to open database: {"exception_type":"IO","exception_message":"Could not write file \"/private/var/folders/2b/t0kwbtmn3p7brv2mvx39c9cr0000gn/T/Rtmp6Wlr9i/filea53255b1b4bf.duckdb\": No space left on device","errno":"28"} Backtrace: ▆ 1. ├─Andromeda::andromeda() at test-object.R:23:3 2. │ └─Andromeda:::.createAndromeda(options = options) 3. │ ├─duckdb::dbConnect(duckdb::duckdb(), dbdir = dbdir) 4. │ └─duckdb::dbConnect(duckdb::duckdb(), dbdir = dbdir) 5. │ └─duckdb (local) .local(drv, ...) 6. │ └─duckdb::duckdb(dbdir, read_only, bigint, config) 7. │ ├─methods::new(...) 8. │ │ ├─methods::initialize(value, ...) 9. │ │ └─methods::initialize(value, ...) 10. │ └─duckdb:::rethrow_rapi_startup(dbdir, read_only, config, environment_scan) 11. │ ├─rlang::try_fetch(...) 12. │ │ ├─base::tryCatch(...) 13. │ │ │ └─base (local) tryCatchList(expr, classes, parentenv, handlers) 14. │ │ │ └─base (local) tryCatchOne(expr, names, parentenv, handlers[[1L]]) 15. │ │ │ └─base (local) doTryCatch(return(expr), name, parentenv, handler) 16. │ │ └─base::withCallingHandlers(...) 17. │ └─duckdb:::rapi_startup(dbdir, readonly, configsexp, environment_scan) 18. └─base::.handleSimpleError(...) 19. └─rlang (local) h(simpleError(msg, call)) 20. └─handlers[[1L]](cnd) 21. └─duckdb:::rethrow_error_from_rapi(e, call) 22. └─rlang::abort(msg, call = call) ── Error ('test-object.R:37:3'): Tables from tables ──────────────────────────── Error in `.local(drv, ...)`: rapi_startup: Failed to open database: {"exception_type":"IO","exception_message":"Could not write file \"/private/var/folders/2b/t0kwbtmn3p7brv2mvx39c9cr0000gn/T/Rtmp6Wlr9i/filea5321e5bc93f.duckdb\": No space left on device","errno":"28"} Backtrace: ▆ 1. ├─Andromeda::andromeda() at test-object.R:37:3 2. │ └─Andromeda:::.createAndromeda(options = options) 3. │ ├─duckdb::dbConnect(duckdb::duckdb(), dbdir = dbdir) 4. │ └─duckdb::dbConnect(duckdb::duckdb(), dbdir = dbdir) 5. │ └─duckdb (local) .local(drv, ...) 6. │ └─duckdb::duckdb(dbdir, read_only, bigint, config) 7. │ ├─methods::new(...) 8. │ │ ├─methods::initialize(value, ...) 9. │ │ └─methods::initialize(value, ...) 10. │ └─duckdb:::rethrow_rapi_startup(dbdir, read_only, config, environment_scan) 11. │ ├─rlang::try_fetch(...) 12. │ │ ├─base::tryCatch(...) 13. │ │ │ └─base (local) tryCatchList(expr, classes, parentenv, handlers) 14. │ │ │ └─base (local) tryCatchOne(expr, names, parentenv, handlers[[1L]]) 15. │ │ │ └─base (local) doTryCatch(return(expr), name, parentenv, handler) 16. │ │ └─base::withCallingHandlers(...) 17. │ └─duckdb:::rapi_startup(dbdir, readonly, configsexp, environment_scan) 18. └─base::.handleSimpleError(...) 19. └─rlang (local) h(simpleError(msg, call)) 20. └─handlers[[1L]](cnd) 21. └─duckdb:::rethrow_error_from_rapi(e, call) 22. └─rlang::abort(msg, call = call) [ FAIL 24 | WARN 2 | SKIP 1 | PASS 30 ] Error: Test failures Execution halted Flavor: r-release-macos-x86_64

Version: 1.0.0
Check: whether package can be installed
Result: ERROR Installation failed. Flavor: r-oldrel-macos-x86_64