CRAN Package Check Results for Package BKTR

Last updated on 2025-07-02 02:54:26 CEST.

Flavor Version Tinstall Tcheck Ttotal Status Flags
r-devel-linux-x86_64-debian-clang 0.2.0 29.30 8.97 38.27 ERROR
r-devel-linux-x86_64-debian-gcc 0.2.0 15.53 6.97 22.50 ERROR
r-devel-linux-x86_64-fedora-clang 0.2.0 421.55 OK
r-devel-linux-x86_64-fedora-gcc 0.2.0 397.61 OK
r-devel-windows-x86_64 0.2.0 26.00 151.00 177.00 OK
r-patched-linux-x86_64 ERROR
r-release-linux-x86_64 0.2.0 25.16 7.23 32.39 ERROR
r-release-macos-arm64 0.2.0 99.00 OK
r-release-macos-x86_64 0.2.0 113.00 OK
r-release-windows-x86_64 0.2.0 26.00 150.00 176.00 OK
r-oldrel-macos-arm64 0.2.0 56.00 OK
r-oldrel-macos-x86_64 0.2.0 159.00 OK
r-oldrel-windows-x86_64 0.2.0 36.00 193.00 229.00 OK

Check Details

Version: 0.2.0
Check: whether the package can be loaded
Result: ERROR Loading this package had a fatal error status code 1 Loading log: Error: package or namespace load failed for ‘BKTR’: .onLoad failed in loadNamespace() for 'torch', details: call: inst_path() error: torch cannot write into '/home/hornik/tmp/R.check/r-devel-clang/Work/build/Packages/torch/'. Execution halted Flavor: r-devel-linux-x86_64-debian-clang

Version: 0.2.0
Check: whether the package can be loaded
Result: ERROR Loading this package had a fatal error status code 1 Loading log: Error: package or namespace load failed for ‘BKTR’: .onLoad failed in loadNamespace() for 'torch', details: call: inst_path() error: torch cannot write into '/home/hornik/tmp/R.check/r-devel-gcc/Work/build/Packages/torch/'. Execution halted Flavor: r-devel-linux-x86_64-debian-gcc

Version: 0.2.0
Check: whether the package can be loaded
Result: ERROR Loading this package had a fatal error status code 1 Loading log: Error: package or namespace load failed for ‘BKTR’: .onLoad failed in loadNamespace() for 'torch', details: call: inst_path() error: torch cannot write into '/home/hornik/tmp/R.check/r-patched-gcc/Work/build/Packages/torch/'. Execution halted Flavor: r-patched-linux-x86_64

Version: 0.2.0
Check: whether the package can be loaded
Result: ERROR Loading this package had a fatal error status code 1 Loading log: Error: package or namespace load failed for ‘BKTR’: .onLoad failed in loadNamespace() for 'torch', details: call: inst_path() error: torch cannot write into '/home/hornik/tmp/R.check/r-release-gcc/Work/build/Packages/torch/'. Execution halted Flavor: r-release-linux-x86_64