Last updated on 2025-05-14 02:50:08 CEST.
Flavor | Version | Tinstall | Tcheck | Ttotal | Status | Flags |
---|---|---|---|---|---|---|
r-devel-linux-x86_64-debian-clang | 0.1.5 | 553.24 | 184.29 | 737.53 | NOTE | |
r-devel-linux-x86_64-debian-gcc | 0.1.5 | 530.90 | 173.95 | 704.85 | NOTE | |
r-devel-linux-x86_64-fedora-clang | 0.1.5 | 1166.66 | NOTE | |||
r-devel-linux-x86_64-fedora-gcc | 0.1.5 | 1810.96 | NOTE | |||
r-devel-windows-x86_64 | 0.1.5 | 629.00 | 260.00 | 889.00 | OK | |
r-patched-linux-x86_64 | 0.1.5 | 677.46 | 240.37 | 917.83 | OK | |
r-release-linux-x86_64 | 0.1.5 | 660.94 | 236.00 | 896.94 | OK | |
r-release-macos-arm64 | 0.1.5 | 303.00 | OK | |||
r-release-macos-x86_64 | 0.1.5 | 381.00 | OK | |||
r-release-windows-x86_64 | 0.1.5 | 624.00 | 247.00 | 871.00 | OK | |
r-oldrel-macos-arm64 | 0.1.5 | 165.00 | NOTE | |||
r-oldrel-macos-x86_64 | 0.1.5 | 153.00 | NOTE | |||
r-oldrel-windows-x86_64 | 0.1.5 | 734.00 | 311.00 | 1045.00 | NOTE |
Version: 0.1.5
Check: CRAN incoming feasibility
Result: NOTE
Maintainer: ‘Jinhui Yang <james.yangjinhui@gmail.com>’
No Authors@R field in DESCRIPTION.
Please add one, modifying
Authors@R: c(person(given = "Jinhui",
family = "Yang",
role = c("aut", "cre"),
email = "james.yangjinhui@gmail.com"),
person(given = "Haitao",
family = "Chu",
role = "aut"),
person(given = "Lifeng",
family = "Lin",
role = "aut"))
as necessary.
Flavors: r-devel-linux-x86_64-debian-clang, r-devel-linux-x86_64-debian-gcc
Version: 0.1.5
Check: dependencies in R code
Result: NOTE
Namespaces in Imports field not imported from:
‘RcppParallel’ ‘rstantools’
All declared Imports should be used.
Flavors: r-devel-linux-x86_64-fedora-clang, r-devel-linux-x86_64-fedora-gcc
Version: 0.1.5
Check: installed package size
Result: NOTE
installed size is 97.2Mb
sub-directories of 1Mb or more:
libs 96.9Mb
Flavors: r-oldrel-macos-arm64, r-oldrel-macos-x86_64, r-oldrel-windows-x86_64
Version: 0.1.5
Check: for GNU extensions in Makefiles
Result: NOTE
GNU make is a SystemRequirements.
Flavors: r-oldrel-macos-arm64, r-oldrel-macos-x86_64, r-oldrel-windows-x86_64