CRAN Package Check Results for Package BiasedUrn

Last updated on 2025-05-14 02:50:08 CEST.

Flavor Version Tinstall Tcheck Ttotal Status Flags
r-devel-linux-x86_64-debian-clang 2.0.12 9.03 23.08 32.11 NOTE
r-devel-linux-x86_64-debian-gcc 2.0.12 6.70 18.79 25.49 NOTE
r-devel-linux-x86_64-fedora-clang 2.0.12 50.55 NOTE
r-devel-linux-x86_64-fedora-gcc 2.0.12 71.19 NOTE
r-devel-windows-x86_64 2.0.12 14.00 51.00 65.00 OK
r-patched-linux-x86_64 2.0.12 9.26 22.23 31.49 OK
r-release-linux-x86_64 2.0.12 9.14 21.95 31.09 OK
r-release-macos-arm64 2.0.12 28.00 OK
r-release-macos-x86_64 2.0.12 66.00 OK
r-release-windows-x86_64 2.0.12 15.00 53.00 68.00 OK
r-oldrel-macos-arm64 2.0.12 31.00 OK
r-oldrel-macos-x86_64 2.0.12 97.00 OK
r-oldrel-windows-x86_64 2.0.12 19.00 57.00 76.00 OK

Check Details

Version: 2.0.12
Check: CRAN incoming feasibility
Result: NOTE Maintainer: ‘Agner Fog <agner@agner.org>’ No Authors@R field in DESCRIPTION. Please add one, modifying Authors@R: person(given = "Agner", family = "Fog", role = c("aut", "cre"), email = "agner@agner.org") as necessary. Flavors: r-devel-linux-x86_64-debian-clang, r-devel-linux-x86_64-debian-gcc

Version: 2.0.12
Check: compiled code
Result: NOTE File ‘BiasedUrn/libs/BiasedUrn.so’: Found no calls to: ‘R_registerRoutines’, ‘R_useDynamicSymbols’ It is good practice to register native routines and to disable symbol search. See ‘Writing portable packages’ in the ‘Writing R Extensions’ manual. Flavors: r-devel-linux-x86_64-fedora-clang, r-devel-linux-x86_64-fedora-gcc