Last updated on 2025-05-14 02:50:08 CEST.
Flavor | Version | Tinstall | Tcheck | Ttotal | Status | Flags |
---|---|---|---|---|---|---|
r-devel-linux-x86_64-debian-clang | 1.0.0 | 26.43 | 100.73 | 127.16 | NOTE | |
r-devel-linux-x86_64-debian-gcc | 1.0.0 | 20.45 | 72.33 | 92.78 | NOTE | |
r-devel-linux-x86_64-fedora-clang | 1.0.0 | 211.40 | NOTE | |||
r-devel-linux-x86_64-fedora-gcc | 1.0.0 | 235.28 | NOTE | |||
r-devel-windows-x86_64 | 1.0.0 | 35.00 | 128.00 | 163.00 | NOTE | |
r-patched-linux-x86_64 | 1.0.0 | 27.91 | 94.02 | 121.93 | NOTE | |
r-release-linux-x86_64 | 1.0.0 | 28.13 | 94.21 | 122.34 | NOTE | |
r-release-macos-arm64 | 1.0.0 | 75.00 | NOTE | |||
r-release-macos-x86_64 | 1.0.0 | 133.00 | NOTE | |||
r-release-windows-x86_64 | 1.0.0 | 35.00 | 139.00 | 174.00 | NOTE | |
r-oldrel-macos-arm64 | 1.0.0 | 70.00 | NOTE | |||
r-oldrel-macos-x86_64 | 1.0.0 | 102.00 | NOTE | |||
r-oldrel-windows-x86_64 | 1.0.0 | 41.00 | 164.00 | 205.00 | NOTE |
Version: 1.0.0
Check: C++ specification
Result: NOTE
Specified C++11: please drop specification unless essential
Flavors: r-devel-linux-x86_64-debian-clang, r-devel-linux-x86_64-debian-gcc, r-devel-linux-x86_64-fedora-clang, r-devel-linux-x86_64-fedora-gcc, r-devel-windows-x86_64, r-patched-linux-x86_64, r-release-linux-x86_64, r-release-macos-arm64, r-release-macos-x86_64, r-release-windows-x86_64, r-oldrel-macos-arm64, r-oldrel-macos-x86_64, r-oldrel-windows-x86_64
Version: 1.0.0
Check: LazyData
Result: NOTE
'LazyData' is specified without a 'data' directory
Flavors: r-oldrel-macos-arm64, r-oldrel-macos-x86_64, r-oldrel-windows-x86_64