Last updated on 2025-05-14 02:50:08 CEST.
Flavor | Version | Tinstall | Tcheck | Ttotal | Status | Flags |
---|---|---|---|---|---|---|
r-devel-linux-x86_64-debian-clang | 0.2.1 | 113.78 | 153.18 | 266.96 | NOTE | |
r-devel-linux-x86_64-debian-gcc | 0.2.1 | 76.27 | 93.89 | 170.16 | NOTE | |
r-devel-linux-x86_64-fedora-clang | 0.2.1 | 441.01 | NOTE | |||
r-devel-linux-x86_64-fedora-gcc | 0.2.1 | 438.21 | NOTE | |||
r-devel-windows-x86_64 | 0.2.1 | 122.00 | 158.00 | 280.00 | NOTE | |
r-patched-linux-x86_64 | 0.2.1 | 113.34 | 146.74 | 260.08 | NOTE | |
r-release-linux-x86_64 | 0.2.1 | 121.26 | 149.50 | 270.76 | NOTE | |
r-release-macos-arm64 | 0.2.1 | 144.00 | NOTE | |||
r-release-macos-x86_64 | 0.2.1 | 360.00 | NOTE | |||
r-release-windows-x86_64 | 0.2.1 | 124.00 | 149.00 | 273.00 | NOTE | |
r-oldrel-macos-arm64 | 0.2.1 | 132.00 | OK | |||
r-oldrel-macos-x86_64 | 0.2.1 | 198.00 | OK | |||
r-oldrel-windows-x86_64 | 0.2.1 | 163.00 | 186.00 | 349.00 | OK |
Version: 0.2.1
Check: DESCRIPTION meta-information
Result: NOTE
Missing dependency on R >= 4.1.0 because package code uses the pipe
|> or function shorthand \(...) syntax added in R 4.1.0.
File(s) using such syntax:
‘get_sinesp_data.R’ ‘get_sinesp_vde_data.R’
Flavors: r-devel-linux-x86_64-debian-clang, r-devel-linux-x86_64-debian-gcc, r-devel-linux-x86_64-fedora-clang, r-devel-linux-x86_64-fedora-gcc, r-devel-windows-x86_64, r-patched-linux-x86_64, r-release-linux-x86_64, r-release-macos-arm64, r-release-macos-x86_64, r-release-windows-x86_64