Last updated on 2025-05-14 02:50:10 CEST.
Flavor | Version | Tinstall | Tcheck | Ttotal | Status | Flags |
---|---|---|---|---|---|---|
r-devel-linux-x86_64-debian-clang | 1.0 | 2.73 | 25.80 | 28.53 | NOTE | |
r-devel-linux-x86_64-debian-gcc | 1.0 | 1.92 | 18.92 | 20.84 | NOTE | |
r-devel-linux-x86_64-fedora-clang | 1.0 | 44.93 | OK | |||
r-devel-linux-x86_64-fedora-gcc | 1.0 | 43.37 | OK | |||
r-devel-windows-x86_64 | 1.0 | 4.00 | 45.00 | 49.00 | OK | |
r-patched-linux-x86_64 | 1.0 | 2.34 | 24.84 | 27.18 | OK | |
r-release-linux-x86_64 | 1.0 | 2.70 | 23.94 | 26.64 | OK | |
r-release-macos-arm64 | 1.0 | 19.00 | OK | |||
r-release-macos-x86_64 | 1.0 | 29.00 | OK | |||
r-release-windows-x86_64 | 1.0 | 5.00 | 45.00 | 50.00 | OK | |
r-oldrel-macos-arm64 | 1.0 | 18.00 | OK | |||
r-oldrel-macos-x86_64 | 1.0 | 26.00 | OK | |||
r-oldrel-windows-x86_64 | 1.0 | 5.00 | 45.00 | 50.00 | OK |
Version: 1.0
Check: CRAN incoming feasibility
Result: NOTE
Maintainer: ‘Peter Wu <peter123wu0@gmail.com>’
No Authors@R field in DESCRIPTION.
Please add one, modifying
Authors@R: person(given = "Peter",
family = "Wu",
role = c("aut", "cre"),
email = "peter123wu0@gmail.com")
as necessary.
Flavors: r-devel-linux-x86_64-debian-clang, r-devel-linux-x86_64-debian-gcc