Last updated on 2025-05-14 02:50:09 CEST.
Flavor | Version | Tinstall | Tcheck | Ttotal | Status | Flags |
---|---|---|---|---|---|---|
r-devel-linux-x86_64-debian-clang | 1.3.3 | 172.05 | 187.36 | 359.41 | OK | |
r-devel-linux-x86_64-debian-gcc | 1.3.3 | 147.13 | 142.66 | 289.79 | OK | |
r-devel-linux-x86_64-fedora-clang | 1.3.3 | 584.84 | OK | |||
r-devel-linux-x86_64-fedora-gcc | 1.3.3 | 690.91 | OK | |||
r-devel-windows-x86_64 | 1.3.3 | 179.00 | 221.00 | 400.00 | OK | |
r-patched-linux-x86_64 | 1.3.3 | 191.69 | 193.55 | 385.24 | OK | |
r-release-linux-x86_64 | 1.3.3 | 183.87 | 193.79 | 377.66 | OK | |
r-release-macos-arm64 | 1.3.3 | 155.00 | OK | |||
r-release-macos-x86_64 | 1.3.3 | 218.00 | OK | |||
r-release-windows-x86_64 | 1.3.3 | 177.00 | 215.00 | 392.00 | OK | |
r-oldrel-macos-arm64 | 1.3.3 | 137.00 | NOTE | |||
r-oldrel-macos-x86_64 | 1.3.3 | 259.00 | NOTE | |||
r-oldrel-windows-x86_64 | 1.3.3 | 218.00 | 284.00 | 502.00 | NOTE |
Version: 1.3.3
Check: installed package size
Result: NOTE
installed size is 54.4Mb
sub-directories of 1Mb or more:
libs 53.3Mb
Flavors: r-oldrel-macos-arm64, r-oldrel-macos-x86_64
Version: 1.3.3
Check: for GNU extensions in Makefiles
Result: NOTE
GNU make is a SystemRequirements.
Flavors: r-oldrel-macos-arm64, r-oldrel-macos-x86_64, r-oldrel-windows-x86_64