Last updated on 2025-05-14 02:50:10 CEST.
Flavor | Version | Tinstall | Tcheck | Ttotal | Status | Flags |
---|---|---|---|---|---|---|
r-devel-linux-x86_64-debian-clang | 0.1.0 | 1.83 | 18.62 | 20.45 | NOTE | |
r-devel-linux-x86_64-debian-gcc | 0.1.0 | 1.58 | 15.38 | 16.96 | NOTE | |
r-devel-linux-x86_64-fedora-clang | 0.1.0 | 33.03 | OK | |||
r-devel-linux-x86_64-fedora-gcc | 0.1.0 | 30.18 | OK | |||
r-devel-windows-x86_64 | 0.1.0 | 2.00 | 40.00 | 42.00 | OK | |
r-patched-linux-x86_64 | 0.1.0 | 1.70 | 17.96 | 19.66 | OK | |
r-release-linux-x86_64 | 0.1.0 | 1.98 | 17.70 | 19.68 | OK | |
r-release-macos-arm64 | 0.1.0 | 16.00 | OK | |||
r-release-macos-x86_64 | 0.1.0 | 25.00 | OK | |||
r-release-windows-x86_64 | 0.1.0 | 4.00 | 40.00 | 44.00 | OK | |
r-oldrel-macos-arm64 | 0.1.0 | 15.00 | OK | |||
r-oldrel-macos-x86_64 | 0.1.0 | 20.00 | OK | |||
r-oldrel-windows-x86_64 | 0.1.0 | 3.00 | 45.00 | 48.00 | OK |
Version: 0.1.0
Check: CRAN incoming feasibility
Result: NOTE
Maintainer: ‘Bowen Liu <bowen.liu@umkc.edu>’
The Description field contains
found in Bowen Liu, Malwane M.A. Ananda (2023) <arXiv:2309.16443>.
Please refer to arXiv e-prints via their arXiv DOI <doi:10.48550/arXiv.YYMM.NNNNN>.
Flavors: r-devel-linux-x86_64-debian-clang, r-devel-linux-x86_64-debian-gcc