Last updated on 2025-05-14 02:50:10 CEST.
Flavor | Version | Tinstall | Tcheck | Ttotal | Status | Flags |
---|---|---|---|---|---|---|
r-devel-linux-x86_64-debian-clang | 0.1.7 | 12.22 | 97.57 | 109.79 | NOTE | |
r-devel-linux-x86_64-debian-gcc | 0.1.7 | 8.77 | 72.02 | 80.79 | NOTE | |
r-devel-linux-x86_64-fedora-clang | 0.1.7 | 177.08 | OK | |||
r-devel-linux-x86_64-fedora-gcc | 0.1.7 | 158.09 | OK | |||
r-devel-windows-x86_64 | 0.1.7 | 12.00 | 100.00 | 112.00 | OK | |
r-patched-linux-x86_64 | 0.1.7 | 12.55 | 91.48 | 104.03 | OK | |
r-release-linux-x86_64 | 0.1.7 | 12.06 | 89.26 | 101.32 | OK | |
r-release-macos-arm64 | 0.1.7 | 46.00 | OK | |||
r-release-macos-x86_64 | 0.1.7 | 90.00 | OK | |||
r-release-windows-x86_64 | 0.1.7 | 13.00 | 98.00 | 111.00 | OK | |
r-oldrel-macos-arm64 | 0.1.7 | 45.00 | OK | |||
r-oldrel-macos-x86_64 | 0.1.7 | 65.00 | OK | |||
r-oldrel-windows-x86_64 | 0.1.7 | 18.00 | 117.00 | 135.00 | OK |
Version: 0.1.7
Check: CRAN incoming feasibility
Result: NOTE
Maintainer: ‘Zhicheng Du<dgdzc@hotmail.com>’
No Authors@R field in DESCRIPTION.
Please add one, modifying
Authors@R: c(person(given = "Zhicheng",
family = "Du",
role = c("aut", "cre"),
email = "dgdzc@hotmail.com"),
person(given = "Yuantao",
family = "Hao",
role = "aut"))
as necessary.
Flavors: r-devel-linux-x86_64-debian-clang, r-devel-linux-x86_64-debian-gcc