Last updated on 2025-05-14 02:50:11 CEST.
Flavor | Version | Tinstall | Tcheck | Ttotal | Status | Flags |
---|---|---|---|---|---|---|
r-devel-linux-x86_64-debian-clang | 0.13 | 5.45 | 49.21 | 54.66 | NOTE | |
r-devel-linux-x86_64-debian-gcc | 0.13 | 3.74 | 35.87 | 39.61 | NOTE | |
r-devel-linux-x86_64-fedora-clang | 0.13 | 86.17 | OK | |||
r-devel-linux-x86_64-fedora-gcc | 0.13 | 79.16 | OK | |||
r-devel-windows-x86_64 | 0.13 | 7.00 | 97.00 | 104.00 | OK | |
r-patched-linux-x86_64 | 0.13 | 6.21 | 47.31 | 53.52 | OK | |
r-release-linux-x86_64 | 0.13 | 5.28 | 46.85 | 52.13 | OK | |
r-release-macos-arm64 | 0.13 | 40.00 | OK | |||
r-release-macos-x86_64 | 0.13 | 73.00 | OK | |||
r-release-windows-x86_64 | 0.13 | 7.00 | 90.00 | 97.00 | OK | |
r-oldrel-macos-arm64 | 0.13 | 37.00 | OK | |||
r-oldrel-macos-x86_64 | 0.13 | 50.00 | OK | |||
r-oldrel-windows-x86_64 | 0.13 | 9.00 | 105.00 | 114.00 | OK |
Version: 0.13
Check: CRAN incoming feasibility
Result: NOTE
Maintainer: ‘Christian Vincenot <christian@vincenot.biz>’
No Authors@R field in DESCRIPTION.
Please add one, modifying
Authors@R: person(given = "Christian",
family = "Vincenot",
role = c("aut", "cre"),
email = "christian@vincenot.biz")
as necessary.
Flavors: r-devel-linux-x86_64-debian-clang, r-devel-linux-x86_64-debian-gcc