Last updated on 2025-05-14 02:50:13 CEST.
Flavor | Version | Tinstall | Tcheck | Ttotal | Status | Flags |
---|---|---|---|---|---|---|
r-devel-linux-x86_64-debian-clang | 1.0.1 | 24.72 | 29.53 | 54.25 | OK | |
r-devel-linux-x86_64-debian-gcc | 1.0.1 | 19.06 | 21.92 | 40.98 | OK | |
r-devel-linux-x86_64-fedora-clang | 1.0.1 | 88.74 | OK | |||
r-devel-linux-x86_64-fedora-gcc | 1.0.1 | 92.25 | OK | |||
r-devel-windows-x86_64 | 1.0.1 | 28.00 | 74.00 | 102.00 | OK | |
r-patched-linux-x86_64 | 1.0.1 | 24.56 | 28.17 | 52.73 | OK | |
r-release-linux-x86_64 | 1.0.1 | 25.81 | 28.43 | 54.24 | OK | |
r-release-macos-arm64 | 1.0.1 | 32.00 | OK | |||
r-release-macos-x86_64 | 1.0.1 | 58.00 | OK | |||
r-release-windows-x86_64 | 1.0.1 | 31.00 | 71.00 | 102.00 | OK | |
r-oldrel-macos-arm64 | 1.0.1 | 32.00 | NOTE | |||
r-oldrel-macos-x86_64 | 1.0.1 | 52.00 | NOTE | |||
r-oldrel-windows-x86_64 | 1.0.1 | 30.00 | 84.00 | 114.00 | OK |
Version: 1.0.1
Check: installed package size
Result: NOTE
installed size is 5.2Mb
sub-directories of 1Mb or more:
data 2.6Mb
libs 2.5Mb
Flavors: r-oldrel-macos-arm64, r-oldrel-macos-x86_64