Last updated on 2025-05-14 02:50:14 CEST.
Flavor | Version | Tinstall | Tcheck | Ttotal | Status | Flags |
---|---|---|---|---|---|---|
r-devel-linux-x86_64-debian-clang | 1.4 | 23.93 | 167.40 | 191.33 | NOTE | |
r-devel-linux-x86_64-debian-gcc | 1.4 | 17.06 | 114.33 | 131.39 | NOTE | |
r-devel-linux-x86_64-fedora-clang | 1.4 | 311.88 | NOTE | |||
r-devel-linux-x86_64-fedora-gcc | 1.4 | 322.99 | NOTE | |||
r-devel-windows-x86_64 | 1.4 | 30.00 | 252.00 | 282.00 | NOTE | |
r-patched-linux-x86_64 | 1.4 | 26.36 | 157.18 | 183.54 | NOTE | |
r-release-linux-x86_64 | 1.4 | 23.32 | 155.58 | 178.90 | NOTE | |
r-release-macos-arm64 | 1.4 | 124.00 | NOTE | |||
r-release-macos-x86_64 | 1.4 | 210.00 | NOTE | |||
r-release-windows-x86_64 | 1.4 | 30.00 | 258.00 | 288.00 | NOTE | |
r-oldrel-macos-arm64 | 1.4 | 95.00 | NOTE | |||
r-oldrel-macos-x86_64 | 1.4 | 266.00 | NOTE | |||
r-oldrel-windows-x86_64 | 1.4 | 35.00 | 311.00 | 346.00 | NOTE |
Version: 1.4
Check: Rd files
Result: NOTE
checkRd: (-1) rtheta.Rd:50-76: Lost braces in \itemize; meant \describe ?
Flavors: r-devel-linux-x86_64-debian-clang, r-devel-linux-x86_64-debian-gcc, r-devel-linux-x86_64-fedora-clang, r-devel-linux-x86_64-fedora-gcc, r-devel-windows-x86_64, r-patched-linux-x86_64, r-release-linux-x86_64, r-release-macos-arm64, r-release-macos-x86_64, r-release-windows-x86_64, r-oldrel-macos-arm64, r-oldrel-macos-x86_64, r-oldrel-windows-x86_64