Last updated on 2025-05-14 02:50:14 CEST.
Flavor | Version | Tinstall | Tcheck | Ttotal | Status | Flags |
---|---|---|---|---|---|---|
r-devel-linux-x86_64-debian-clang | 1.4.0 | 8.30 | 64.56 | 72.86 | NOTE | |
r-devel-linux-x86_64-debian-gcc | 1.4.0 | 6.33 | 47.18 | 53.51 | NOTE | |
r-devel-linux-x86_64-fedora-clang | 1.4.0 | 115.89 | OK | |||
r-devel-linux-x86_64-fedora-gcc | 1.4.0 | 116.19 | OK | |||
r-devel-windows-x86_64 | 1.4.0 | 10.00 | 71.00 | 81.00 | OK | |
r-patched-linux-x86_64 | 1.4.0 | 8.21 | 60.78 | 68.99 | OK | |
r-release-linux-x86_64 | 1.4.0 | 8.71 | 61.56 | 70.27 | OK | |
r-release-macos-arm64 | 1.4.0 | 61.00 | OK | |||
r-release-macos-x86_64 | 1.4.0 | 67.00 | OK | |||
r-release-windows-x86_64 | 1.4.0 | 10.00 | 73.00 | 83.00 | OK | |
r-oldrel-macos-arm64 | 1.4.0 | 40.00 | OK | |||
r-oldrel-macos-x86_64 | 1.4.0 | 54.00 | OK | |||
r-oldrel-windows-x86_64 | 1.4.0 | 12.00 | 84.00 | 96.00 | OK |
Version: 1.4.0
Check: CRAN incoming feasibility
Result: NOTE
Maintainer: ‘Justin Clapp <justin.clapp@wyo.gov>’
No Authors@R field in DESCRIPTION.
Please add one, modifying
Authors@R: c(person(family = "Clapp",
role = "aut"),
person(given = "J.",
family = "G.",
role = "aut"),
person(given = "Justin",
family = "Clapp",
role = "cre",
email = "justin.clapp@wyo.gov"))
as necessary.
Flavors: r-devel-linux-x86_64-debian-clang, r-devel-linux-x86_64-debian-gcc