Last updated on 2025-05-14 02:50:14 CEST.
Flavor | Version | Tinstall | Tcheck | Ttotal | Status | Flags |
---|---|---|---|---|---|---|
r-devel-linux-x86_64-debian-clang | 0.99.3 | 56.51 | 458.58 | 515.09 | OK | |
r-devel-linux-x86_64-debian-gcc | 0.99.3 | 40.05 | 341.63 | 381.68 | OK | |
r-devel-linux-x86_64-fedora-clang | 0.99.3 | 858.58 | OK | |||
r-devel-linux-x86_64-fedora-gcc | 0.99.3 | 837.87 | OK | |||
r-devel-windows-x86_64 | 0.99.3 | 3.00 | 5.00 | 8.00 | ERROR | |
r-patched-linux-x86_64 | 0.99.3 | 50.07 | 431.72 | 481.79 | OK | |
r-release-linux-x86_64 | 0.99.3 | 51.25 | 433.59 | 484.84 | OK | |
r-release-macos-arm64 | 0.99.3 | 312.00 | OK | |||
r-release-macos-x86_64 | 0.99.3 | 499.00 | OK | |||
r-release-windows-x86_64 | 0.99.3 | 3.00 | 5.00 | 8.00 | ERROR | |
r-oldrel-macos-arm64 | 0.99.3 | 194.00 | OK | |||
r-oldrel-macos-x86_64 | 0.99.3 | 375.00 | OK | |||
r-oldrel-windows-x86_64 | 0.99.3 | 70.00 | 483.00 | 553.00 | OK |
Version: 0.99.3
Check: whether package can be installed
Result: ERROR
Installation failed.
Flavors: r-devel-windows-x86_64, r-release-windows-x86_64