Last updated on 2025-05-14 02:50:13 CEST.
Flavor | Version | Tinstall | Tcheck | Ttotal | Status | Flags |
---|---|---|---|---|---|---|
r-devel-linux-x86_64-debian-clang | 1.4.9 | 31.70 | 218.69 | 250.39 | NOTE | |
r-devel-linux-x86_64-debian-gcc | 1.4.9 | 19.61 | 151.83 | 171.44 | NOTE | |
r-devel-linux-x86_64-fedora-clang | 1.4.9 | 398.90 | NOTE | |||
r-devel-linux-x86_64-fedora-gcc | 1.4.9 | 397.07 | NOTE | |||
r-devel-windows-x86_64 | 1.4.9 | 33.00 | 249.00 | 282.00 | NOTE | |
r-patched-linux-x86_64 | 1.4.9 | 28.62 | 209.11 | 237.73 | NOTE | |
r-release-linux-x86_64 | 1.4.9 | 28.16 | 209.58 | 237.74 | NOTE | |
r-release-macos-arm64 | 1.4.9 | 158.00 | NOTE | |||
r-release-macos-x86_64 | 1.4.9 | 220.00 | NOTE | |||
r-release-windows-x86_64 | 1.4.9 | 35.00 | 250.00 | 285.00 | NOTE | |
r-oldrel-macos-arm64 | 1.4.9 | 105.00 | NOTE | |||
r-oldrel-macos-x86_64 | 1.4.9 | 181.00 | NOTE | |||
r-oldrel-windows-x86_64 | 1.4.9 | 44.00 | 312.00 | 356.00 | NOTE |
Version: 1.4.9
Check: Rd files
Result: NOTE
checkRd: (-1) cpm.Rd:70: Lost braces; missing escapes or markup?
70 | covariates included in \code{formula_l} or {formula_s} (required).}
| ^
Flavors: r-devel-linux-x86_64-debian-clang, r-devel-linux-x86_64-debian-gcc, r-devel-linux-x86_64-fedora-clang, r-devel-linux-x86_64-fedora-gcc, r-devel-windows-x86_64, r-patched-linux-x86_64, r-release-linux-x86_64, r-release-macos-arm64, r-release-macos-x86_64, r-release-windows-x86_64, r-oldrel-macos-arm64, r-oldrel-macos-x86_64, r-oldrel-windows-x86_64