Last updated on 2025-05-14 02:50:15 CEST.
Flavor | Version | Tinstall | Tcheck | Ttotal | Status | Flags |
---|---|---|---|---|---|---|
r-devel-linux-x86_64-debian-clang | 1.1.0 | 18.33 | 98.11 | 116.44 | OK | |
r-devel-linux-x86_64-debian-gcc | 1.1.0 | 13.39 | 73.24 | 86.63 | OK | |
r-devel-linux-x86_64-fedora-clang | 1.1.0 | 187.13 | OK | |||
r-devel-linux-x86_64-fedora-gcc | 1.1.0 | 200.15 | OK | |||
r-devel-windows-x86_64 | 1.1.0 | 25.00 | 193.00 | 218.00 | OK | |
r-patched-linux-x86_64 | 1.1.0 | 19.58 | 93.67 | 113.25 | OK | |
r-release-linux-x86_64 | 1.1.0 | 18.31 | 94.07 | 112.38 | OK | |
r-release-macos-arm64 | 1.1.0 | 72.00 | OK | |||
r-release-macos-x86_64 | 1.1.0 | 133.00 | OK | |||
r-release-windows-x86_64 | 1.1.0 | 24.00 | 189.00 | 213.00 | OK | |
r-oldrel-macos-arm64 | 1.1.0 | 83.00 | NOTE | |||
r-oldrel-macos-x86_64 | 1.1.0 | 118.00 | NOTE | |||
r-oldrel-windows-x86_64 | 1.1.0 | 28.00 | 211.00 | 239.00 | OK |
Version: 1.1.0
Check: installed package size
Result: NOTE
installed size is 5.2Mb
sub-directories of 1Mb or more:
data 2.1Mb
doc 1.7Mb
libs 1.0Mb
Flavors: r-oldrel-macos-arm64, r-oldrel-macos-x86_64