Last updated on 2025-05-14 02:50:15 CEST.
Flavor | Version | Tinstall | Tcheck | Ttotal | Status | Flags |
---|---|---|---|---|---|---|
r-devel-linux-x86_64-debian-clang | 0.10-2 | 6.61 | 51.43 | 58.04 | NOTE | |
r-devel-linux-x86_64-debian-gcc | 0.10-2 | 3.93 | 38.02 | 41.95 | NOTE | |
r-devel-linux-x86_64-fedora-clang | 0.10-2 | 90.61 | NOTE | |||
r-devel-linux-x86_64-fedora-gcc | 0.10-2 | 103.21 | NOTE | |||
r-devel-windows-x86_64 | 0.10-2 | 8.00 | 109.00 | 117.00 | NOTE | |
r-patched-linux-x86_64 | 0.10-2 | 5.00 | 48.85 | 53.85 | NOTE | |
r-release-linux-x86_64 | 0.10-2 | 5.18 | 49.30 | 54.48 | NOTE | |
r-release-macos-arm64 | 0.10-2 | 51.00 | NOTE | |||
r-release-macos-x86_64 | 0.10-2 | 72.00 | NOTE | |||
r-release-windows-x86_64 | 0.10-2 | 7.00 | 107.00 | 114.00 | NOTE | |
r-oldrel-macos-arm64 | 0.10-2 | 38.00 | NOTE | |||
r-oldrel-macos-x86_64 | 0.10-2 | 56.00 | NOTE | |||
r-oldrel-windows-x86_64 | 0.10-2 | 9.00 | 105.00 | 114.00 | NOTE |
Version: 0.10-2
Check: Rd files
Result: NOTE
checkRd: (-1) setServerLogLevel.Rd:20: Lost braces in \enumerate; meant \describe ?
checkRd: (-1) setServerLogLevel.Rd:21: Lost braces in \enumerate; meant \describe ?
checkRd: (-1) setServerLogLevel.Rd:22: Lost braces in \enumerate; meant \describe ?
checkRd: (-1) setServerLogLevel.Rd:23: Lost braces in \enumerate; meant \describe ?
checkRd: (-1) setServerLogLevel.Rd:24: Lost braces in \enumerate; meant \describe ?
Flavors: r-devel-linux-x86_64-debian-clang, r-devel-linux-x86_64-debian-gcc, r-devel-linux-x86_64-fedora-clang, r-devel-linux-x86_64-fedora-gcc, r-devel-windows-x86_64, r-patched-linux-x86_64, r-release-linux-x86_64, r-release-macos-arm64, r-release-macos-x86_64, r-release-windows-x86_64, r-oldrel-macos-arm64, r-oldrel-macos-x86_64, r-oldrel-windows-x86_64