Last updated on 2025-05-14 02:50:16 CEST.
Flavor | Version | Tinstall | Tcheck | Ttotal | Status | Flags |
---|---|---|---|---|---|---|
r-devel-linux-x86_64-debian-clang | 0.2.3 | 19.94 | 48.42 | 68.36 | NOTE | |
r-devel-linux-x86_64-debian-gcc | 0.2.4 | 15.56 | 34.74 | 50.30 | OK | |
r-devel-linux-x86_64-fedora-clang | 0.2.4 | 119.58 | OK | |||
r-devel-linux-x86_64-fedora-gcc | 0.2.4 | 124.95 | OK | |||
r-devel-windows-x86_64 | 0.2.3 | 28.00 | 81.00 | 109.00 | OK | |
r-patched-linux-x86_64 | 0.2.3 | 20.35 | 45.12 | 65.47 | OK | |
r-release-linux-x86_64 | 0.2.3 | 19.88 | 45.54 | 65.42 | OK | |
r-release-macos-arm64 | 0.2.4 | 37.00 | OK | |||
r-release-macos-x86_64 | 0.2.4 | 68.00 | WARN | |||
r-release-windows-x86_64 | 0.2.4 | 26.00 | 102.00 | 128.00 | OK | |
r-oldrel-macos-arm64 | 0.2.4 | 37.00 | OK | |||
r-oldrel-macos-x86_64 | 0.2.4 | 78.00 | OK | |||
r-oldrel-windows-x86_64 | 0.2.3 | 31.00 | 99.00 | 130.00 | OK |
Version: 0.2.3
Check: CRAN incoming feasibility
Result: NOTE
Maintainer: ‘Sacha Epskamp <mail@sachaepskamp.com>’
The URL field contains the following bad parts:
github.com/SachaEpskamp/IsingSampler
The URL field should be a list of URLs separated by commas or
whitespace.
Flavor: r-devel-linux-x86_64-debian-clang
Version: 0.2.4
Check: for unstated dependencies in examples
Result: WARN
Fatal error: cannot create 'R_TempDir'
Flavor: r-release-macos-x86_64