Last updated on 2025-05-14 02:50:18 CEST.
Flavor | Version | Tinstall | Tcheck | Ttotal | Status | Flags |
---|---|---|---|---|---|---|
r-devel-linux-x86_64-debian-clang | 0.2.1 | 1.54 | 64.39 | 65.93 | NOTE | |
r-devel-linux-x86_64-debian-gcc | 0.2.1 | 1.26 | 48.20 | 49.46 | NOTE | |
r-devel-linux-x86_64-fedora-clang | 0.2.1 | 104.68 | OK | |||
r-devel-linux-x86_64-fedora-gcc | 0.2.1 | 122.77 | OK | |||
r-devel-windows-x86_64 | 0.2.1 | 2.00 | 103.00 | 105.00 | OK | |
r-patched-linux-x86_64 | 0.2.1 | 1.47 | 62.94 | 64.41 | OK | |
r-release-linux-x86_64 | 0.2.1 | 1.45 | 62.52 | 63.97 | OK | |
r-release-macos-arm64 | 0.2.1 | 88.00 | OK | |||
r-release-macos-x86_64 | 0.2.1 | 106.00 | OK | |||
r-release-windows-x86_64 | 0.2.1 | 3.00 | 107.00 | 110.00 | OK | |
r-oldrel-macos-arm64 | 0.2.1 | 42.00 | OK | |||
r-oldrel-macos-x86_64 | 0.2.1 | 77.00 | OK | |||
r-oldrel-windows-x86_64 | 0.2.1 | 2.00 | 122.00 | 124.00 | OK |
Version: 0.2.1
Check: CRAN incoming feasibility
Result: NOTE
Maintainer: ‘François Grolleau <francois.grolleau@aphp.fr>’
No Authors@R field in DESCRIPTION.
Please add one, modifying
Authors@R: person(given = "François",
family = "Grolleau",
role = c("aut", "cre"),
email = "francois.grolleau@aphp.fr")
as necessary.
Flavors: r-devel-linux-x86_64-debian-clang, r-devel-linux-x86_64-debian-gcc