CRAN Package Check Results for Package MigrationDetectR

Last updated on 2025-05-14 02:50:18 CEST.

Flavor Version Tinstall Tcheck Ttotal Status Flags
r-devel-linux-x86_64-debian-clang 0.1.1 5.60 48.21 53.81 NOTE
r-devel-linux-x86_64-debian-gcc 0.1.1 4.10 34.32 38.42 NOTE
r-devel-linux-x86_64-fedora-clang 0.1.1 86.05 NOTE
r-devel-linux-x86_64-fedora-gcc 0.1.1 76.37 NOTE
r-devel-windows-x86_64 0.1.1 7.00 58.00 65.00 NOTE
r-patched-linux-x86_64 0.1.1 4.65 42.27 46.92 NOTE
r-release-linux-x86_64 0.1.1 5.63 42.14 47.77 NOTE
r-release-macos-arm64 0.1.1 27.00 NOTE
r-release-macos-x86_64 0.1.1 47.00 NOTE
r-release-windows-x86_64 0.1.1 7.00 58.00 65.00 NOTE
r-oldrel-macos-arm64 0.1.1 27.00 OK
r-oldrel-macos-x86_64 0.1.1 37.00 OK
r-oldrel-windows-x86_64 0.1.1 8.00 70.00 78.00 OK

Check Details

Version: 0.1.1
Check: DESCRIPTION meta-information
Result: NOTE Missing dependency on R >= 4.1.0 because package code uses the pipe |> or function shorthand \(...) syntax added in R 4.1.0. File(s) using such syntax: ‘detect_segments.R’ ‘find_best_split.R’ ‘identify_migrations.R’ ‘utils.R’ Flavors: r-devel-linux-x86_64-debian-clang, r-devel-linux-x86_64-debian-gcc, r-devel-linux-x86_64-fedora-clang, r-devel-linux-x86_64-fedora-gcc, r-devel-windows-x86_64, r-patched-linux-x86_64, r-release-linux-x86_64, r-release-macos-arm64, r-release-macos-x86_64, r-release-windows-x86_64

Version: 0.1.1
Check: dependencies in R code
Result: NOTE Namespace in Imports field not imported from: ‘lifecycle’ All declared Imports should be used. Flavors: r-devel-linux-x86_64-fedora-clang, r-devel-linux-x86_64-fedora-gcc