Last updated on 2025-05-14 02:50:18 CEST.
Flavor | Version | Tinstall | Tcheck | Ttotal | Status | Flags |
---|---|---|---|---|---|---|
r-devel-linux-x86_64-debian-clang | 2.0 | 4.49 | 45.44 | 49.93 | NOTE | |
r-devel-linux-x86_64-debian-gcc | 2.0 | 3.17 | 31.93 | 35.10 | NOTE | |
r-devel-linux-x86_64-fedora-clang | 2.0 | 81.29 | OK | |||
r-devel-linux-x86_64-fedora-gcc | 2.0 | 79.41 | OK | |||
r-devel-windows-x86_64 | 2.0 | 5.00 | 60.00 | 65.00 | OK | |
r-patched-linux-x86_64 | 2.0 | 3.84 | 43.63 | 47.47 | OK | |
r-release-linux-x86_64 | 2.0 | 4.27 | 43.15 | 47.42 | OK | |
r-release-macos-arm64 | 2.0 | 24.00 | OK | |||
r-release-macos-x86_64 | 2.0 | 61.00 | OK | |||
r-release-windows-x86_64 | 2.0 | 5.00 | 61.00 | 66.00 | OK | |
r-oldrel-macos-arm64 | 2.0 | 24.00 | OK | |||
r-oldrel-macos-x86_64 | 2.0 | 37.00 | OK | |||
r-oldrel-windows-x86_64 | 2.0 | 6.00 | 70.00 | 76.00 | OK |
Version: 2.0
Check: CRAN incoming feasibility
Result: NOTE
Maintainer: ‘Alicja Wolny-Dominiak <alicja.wolny-dominiak@ue.katowice.pl>’
No Authors@R field in DESCRIPTION.
Please add one, modifying
Authors@R: c(person(given = "Alicja",
family = "Wolny-Dominiak",
role = c("aut", "cre"),
email = "alicja.wolny-dominiak@ue.katowice.pl"),
person(given = "Michal",
family = "Trzesiok",
role = "aut"))
as necessary.
Flavors: r-devel-linux-x86_64-debian-clang, r-devel-linux-x86_64-debian-gcc