CRAN Package Check Results for Package Morphoscape

Last updated on 2025-05-14 02:50:19 CEST.

Flavor Version Tinstall Tcheck Ttotal Status Flags
r-devel-linux-x86_64-debian-clang 1.0.2 12.08 148.30 160.38 NOTE
r-devel-linux-x86_64-debian-gcc 1.0.2 8.78 109.89 118.67 NOTE
r-devel-linux-x86_64-fedora-clang 1.0.2 248.38 OK
r-devel-linux-x86_64-fedora-gcc 1.0.2 250.49 OK
r-devel-windows-x86_64 1.0.2 13.00 143.00 156.00 NOTE
r-patched-linux-x86_64 1.0.2 12.85 141.63 154.48 NOTE
r-release-linux-x86_64 1.0.2 11.82 142.06 153.88 NOTE
r-release-macos-arm64 1.0.2 66.00 OK
r-release-macos-x86_64 1.0.2 126.00 OK
r-release-windows-x86_64 1.0.2 14.00 144.00 158.00 NOTE
r-oldrel-macos-arm64 1.0.2 68.00 OK
r-oldrel-macos-x86_64 1.0.2 101.00 OK
r-oldrel-windows-x86_64 1.0.2 17.00 182.00 199.00 OK

Check Details

Version: 1.0.2
Check: Rd cross-references
Result: NOTE Found the following Rd file(s) with Rd \link{} targets missing package anchors: calcPoly.Rd: surf.gls, expcov, surf.ls, trmat resample_grid.Rd: ahull, concaveman, inahull Please provide package anchors for all Rd \link{} targets not in the package itself and the base packages. Flavors: r-devel-linux-x86_64-debian-clang, r-devel-linux-x86_64-debian-gcc, r-devel-windows-x86_64, r-patched-linux-x86_64, r-release-linux-x86_64, r-release-windows-x86_64