Last updated on 2025-05-14 02:50:19 CEST.
Flavor | Version | Tinstall | Tcheck | Ttotal | Status | Flags |
---|---|---|---|---|---|---|
r-devel-linux-x86_64-debian-clang | 1.1.1 | 41.86 | 129.73 | 171.59 | NOTE | |
r-devel-linux-x86_64-debian-gcc | 1.1.1 | 27.65 | 89.92 | 117.57 | NOTE | |
r-devel-linux-x86_64-fedora-clang | 1.1.1 | 277.28 | OK | |||
r-devel-linux-x86_64-fedora-gcc | 1.1.1 | 278.16 | OK | |||
r-devel-windows-x86_64 | 1.1.1 | 40.00 | 157.00 | 197.00 | NOTE | |
r-patched-linux-x86_64 | 1.1.1 | 42.70 | 122.83 | 165.53 | NOTE | |
r-release-linux-x86_64 | 1.1.1 | 41.88 | 122.77 | 164.65 | NOTE | |
r-release-macos-arm64 | 1.1.1 | 96.00 | OK | |||
r-release-macos-x86_64 | 1.1.1 | 157.00 | OK | |||
r-release-windows-x86_64 | 1.1.1 | 42.00 | 159.00 | 201.00 | NOTE | |
r-oldrel-macos-arm64 | 1.1.1 | 77.00 | OK | |||
r-oldrel-macos-x86_64 | 1.1.1 | 118.00 | OK | |||
r-oldrel-windows-x86_64 | 1.1.1 | 55.00 | 193.00 | 248.00 | OK |
Version: 1.1.1
Check: Rd cross-references
Result: NOTE
Found the following Rd file(s) with Rd \link{} targets missing package
anchors:
mplus.traceplot.Rd: plot.mcmc
Please provide package anchors for all Rd \link{} targets not in the
package itself and the base packages.
Flavors: r-devel-linux-x86_64-debian-clang, r-devel-linux-x86_64-debian-gcc, r-devel-windows-x86_64, r-patched-linux-x86_64, r-release-linux-x86_64, r-release-windows-x86_64