CRAN Package Check Results for Package NPHMC

Last updated on 2025-07-02 02:54:36 CEST.

Flavor Version Tinstall Tcheck Ttotal Status Flags
r-devel-linux-x86_64-debian-clang 2.3 6.73 53.72 60.45 NOTE
r-devel-linux-x86_64-debian-gcc 2.3 4.61 40.90 45.51 NOTE
r-devel-linux-x86_64-fedora-clang 2.3 99.21 OK
r-devel-linux-x86_64-fedora-gcc 2.3 87.33 OK
r-devel-windows-x86_64 2.3 7.00 66.00 73.00 NOTE
r-patched-linux-x86_64 NOTE
r-release-linux-x86_64 2.3 6.46 51.38 57.84 NOTE
r-release-macos-arm64 2.3 33.00 OK
r-release-macos-x86_64 2.3 57.00 OK
r-release-windows-x86_64 2.3 7.00 69.00 76.00 NOTE
r-oldrel-macos-arm64 2.3 29.00 OK
r-oldrel-macos-x86_64 2.3 43.00 OK
r-oldrel-windows-x86_64 2.3 9.00 78.00 87.00 OK

Check Details

Version: 2.3
Check: CRAN incoming feasibility
Result: NOTE Maintainer: ‘Chao Cai <caic@email.sc.edu>’ No Authors@R field in DESCRIPTION. Please add one, modifying Authors@R: c(person(given = "Chao", family = "Cai", role = c("aut", "cre"), email = "caic@email.sc.edu"), person(given = "Songfeng", family = "Wang", role = "aut"), person(given = "Wenbin", family = "Lu", role = "aut"), person(given = "Jiajia", family = "Zhang", role = "aut")) as necessary. Flavors: r-devel-linux-x86_64-debian-clang, r-devel-linux-x86_64-debian-gcc

Version: 2.3
Check: Rd cross-references
Result: NOTE Found the following Rd file(s) with Rd \link{} targets missing package anchors: NPHMC-package.Rd: smcure Please provide package anchors for all Rd \link{} targets not in the package itself and the base packages. Flavors: r-devel-linux-x86_64-debian-clang, r-devel-linux-x86_64-debian-gcc, r-devel-windows-x86_64, r-patched-linux-x86_64, r-release-linux-x86_64, r-release-windows-x86_64