Last updated on 2025-05-14 02:50:20 CEST.
Flavor | Version | Tinstall | Tcheck | Ttotal | Status | Flags |
---|---|---|---|---|---|---|
r-devel-linux-x86_64-debian-clang | 0.5.20 | 31.06 | 292.65 | 323.71 | NOTE | |
r-devel-linux-x86_64-debian-gcc | 0.5.20 | 22.35 | 187.63 | 209.98 | NOTE | |
r-devel-linux-x86_64-fedora-clang | 0.5.20 | 518.38 | OK | |||
r-devel-linux-x86_64-fedora-gcc | 0.5.20 | 494.12 | OK | |||
r-devel-windows-x86_64 | 0.5.20 | 31.00 | 226.00 | 257.00 | NOTE | |
r-patched-linux-x86_64 | 0.5.20 | 34.85 | 276.21 | 311.06 | NOTE | |
r-release-linux-x86_64 | 0.5.20 | 31.46 | 275.69 | 307.15 | NOTE | |
r-release-macos-arm64 | 0.5.20 | 107.00 | OK | |||
r-release-macos-x86_64 | 0.5.20 | 237.00 | OK | |||
r-release-windows-x86_64 | 0.5.20 | 31.00 | 230.00 | 261.00 | NOTE | |
r-oldrel-macos-arm64 | 0.5.20 | 101.00 | OK | |||
r-oldrel-macos-x86_64 | 0.5.20 | 180.00 | OK | |||
r-oldrel-windows-x86_64 | 0.5.20 | 42.00 | 310.00 | 352.00 | OK |
Version: 0.5.20
Check: CRAN incoming feasibility
Result: NOTE
Maintainer: ‘Berry Boessenkool <berry-b@gmx.de>’
No Authors@R field in DESCRIPTION.
Please add one, modifying
Authors@R: person(given = "Berry",
family = "Boessenkool",
role = c("aut", "cre"),
email = "berry-b@gmx.de")
as necessary.
Flavors: r-devel-linux-x86_64-debian-clang, r-devel-linux-x86_64-debian-gcc
Version: 0.5.20
Check: Rd cross-references
Result: NOTE
Found the following Rd file(s) with Rd \link{} targets missing package
anchors:
equidistPoints.Rd: approx2
pointsMap.Rd: openmap
randomPoints.Rd: distance
Please provide package anchors for all Rd \link{} targets not in the
package itself and the base packages.
Flavors: r-devel-linux-x86_64-debian-clang, r-devel-linux-x86_64-debian-gcc, r-devel-windows-x86_64, r-patched-linux-x86_64, r-release-linux-x86_64, r-release-windows-x86_64