CRAN Package Check Results for Package PRISM.forecast

Last updated on 2025-05-14 02:50:22 CEST.

Flavor Version Tinstall Tcheck Ttotal Status Flags
r-devel-linux-x86_64-debian-clang 0.2.1 2.26 27.99 30.25 OK
r-devel-linux-x86_64-debian-gcc 0.2.1 2.04 21.49 23.53 OK
r-devel-linux-x86_64-fedora-clang 0.2.1 46.04 OK
r-devel-linux-x86_64-fedora-gcc 0.2.1 45.20 OK
r-devel-windows-x86_64 0.2.1 6.00 48.00 54.00 OK
r-patched-linux-x86_64 0.2.1 2.75 26.64 29.39 OK
r-release-linux-x86_64 0.2.1 2.73 26.63 29.36 OK
r-release-macos-arm64 0.2.1 24.00 OK
r-release-macos-x86_64 0.2.1 43.00 OK
r-release-windows-x86_64 0.2.1 5.00 48.00 53.00 OK
r-oldrel-macos-arm64 0.2.1 19.00 NOTE
r-oldrel-macos-x86_64 0.2.1 35.00 NOTE
r-oldrel-windows-x86_64 0.2.1 5.00 53.00 58.00 NOTE

Check Details

Version: 0.2.1
Check: LazyData
Result: NOTE 'LazyData' is specified without a 'data' directory Flavors: r-oldrel-macos-arm64, r-oldrel-macos-x86_64, r-oldrel-windows-x86_64