CRAN Package Check Results for Package PROsetta

Last updated on 2025-05-14 02:50:22 CEST.

Flavor Version Tinstall Tcheck Ttotal Status Flags
r-devel-linux-x86_64-debian-clang 0.4.1 36.82 277.43 314.25 NOTE
r-devel-linux-x86_64-debian-gcc 0.4.1 26.03 202.09 228.12 NOTE
r-devel-linux-x86_64-fedora-clang 0.4.1 528.60 NOTE
r-devel-linux-x86_64-fedora-gcc 0.4.1 535.22 NOTE
r-devel-windows-x86_64 0.4.1 43.00 346.00 389.00 NOTE
r-patched-linux-x86_64 0.4.1 33.63 290.07 323.70 NOTE
r-release-linux-x86_64 0.4.1 34.76 290.39 325.15 NOTE
r-release-macos-arm64 0.4.1 162.00 NOTE
r-release-macos-x86_64 0.4.1 706.00 NOTE
r-release-windows-x86_64 0.4.1 44.00 343.00 387.00 NOTE
r-oldrel-macos-arm64 0.4.1 138.00 NOTE
r-oldrel-macos-x86_64 0.4.1 211.00 NOTE
r-oldrel-windows-x86_64 0.4.1 55.00 451.00 506.00 NOTE

Check Details

Version: 0.4.1
Check: Rd files
Result: NOTE checkRd: (-1) computeResponseProbability.Rd:12: Lost braces; missing escapes or markup? 12 | \item{model}{the item model to use. Accepts \code{grm} or {gpcm}.} | ^ Flavors: r-devel-linux-x86_64-debian-clang, r-devel-linux-x86_64-debian-gcc, r-devel-linux-x86_64-fedora-clang, r-devel-linux-x86_64-fedora-gcc, r-devel-windows-x86_64, r-patched-linux-x86_64, r-release-linux-x86_64, r-release-macos-arm64, r-release-macos-x86_64, r-release-windows-x86_64, r-oldrel-macos-arm64, r-oldrel-macos-x86_64, r-oldrel-windows-x86_64

Version: 0.4.1
Check: Rd cross-references
Result: NOTE Found the following Rd file(s) with Rd \link{} targets missing package anchors: plotInfo-methods.Rd: SingleGroupClass-class runCalibration.Rd: SingleGroupClass-class runEquateObserved.Rd: equate Please provide package anchors for all Rd \link{} targets not in the package itself and the base packages. Flavors: r-devel-linux-x86_64-debian-clang, r-devel-linux-x86_64-debian-gcc, r-devel-windows-x86_64, r-patched-linux-x86_64, r-release-linux-x86_64, r-release-windows-x86_64