CRAN Package Check Results for Package PST

Last updated on 2025-05-14 02:50:22 CEST.

Flavor Version Tinstall Tcheck Ttotal Status Flags
r-devel-linux-x86_64-debian-clang 0.94.1 12.95 112.62 125.57 NOTE
r-devel-linux-x86_64-debian-gcc 0.94.1 6.89 76.64 83.53 NOTE
r-devel-linux-x86_64-fedora-clang 0.94.1 192.93 OK
r-devel-linux-x86_64-fedora-gcc 0.94.1 184.54 OK
r-devel-windows-x86_64 0.94.1 13.00 114.00 127.00 NOTE
r-patched-linux-x86_64 0.94.1 11.96 104.51 116.47 NOTE
r-release-linux-x86_64 0.94.1 12.17 103.20 115.37 NOTE
r-release-macos-arm64 0.94.1 55.00 OK
r-release-macos-x86_64 0.94.1 95.00 OK
r-release-windows-x86_64 0.94.1 14.00 114.00 128.00 NOTE
r-oldrel-macos-arm64 0.94.1 50.00 OK
r-oldrel-macos-x86_64 0.94.1 77.00 OK
r-oldrel-windows-x86_64 0.94.1 17.00 147.00 164.00 OK

Check Details

Version: 0.94.1
Check: Rd cross-references
Result: NOTE Found the following Rd file(s) with Rd \link{} targets missing package anchors: PSTf-class.Rd: TraMineR cprob.Rd: TraMineR generate.Rd: TraMineR plot-PSTr.Rd: seqdef pmine.Rd: TraMineR Please provide package anchors for all Rd \link{} targets not in the package itself and the base packages. Flavors: r-devel-linux-x86_64-debian-clang, r-devel-linux-x86_64-debian-gcc, r-devel-windows-x86_64, r-patched-linux-x86_64, r-release-linux-x86_64, r-release-windows-x86_64