Last updated on 2025-05-14 02:50:21 CEST.
Flavor | Version | Tinstall | Tcheck | Ttotal | Status | Flags |
---|---|---|---|---|---|---|
r-devel-linux-x86_64-debian-clang | 1.0.2 | 15.03 | 136.21 | 151.24 | NOTE | |
r-devel-linux-x86_64-debian-gcc | 1.0.2 | 12.75 | 95.24 | 107.99 | NOTE | |
r-devel-linux-x86_64-fedora-clang | 1.0.2 | 238.54 | OK | |||
r-devel-linux-x86_64-fedora-gcc | 1.0.2 | 221.15 | OK | |||
r-devel-windows-x86_64 | 1.0.2 | 15.00 | 122.00 | 137.00 | NOTE | |
r-patched-linux-x86_64 | 1.0.2 | 14.55 | 125.73 | 140.28 | NOTE | |
r-release-linux-x86_64 | 1.0.2 | 15.40 | 126.50 | 141.90 | NOTE | |
r-release-macos-arm64 | 1.0.2 | 71.00 | OK | |||
r-release-macos-x86_64 | 1.0.2 | 121.00 | OK | |||
r-release-windows-x86_64 | 1.0.2 | 16.00 | 124.00 | 140.00 | NOTE | |
r-oldrel-macos-arm64 | 1.0.2 | 63.00 | OK | |||
r-oldrel-macos-x86_64 | 1.0.2 | 113.00 | OK | |||
r-oldrel-windows-x86_64 | 1.0.2 | 21.00 | 163.00 | 184.00 | OK |
Version: 1.0.2
Check: CRAN incoming feasibility
Result: NOTE
Maintainer: ‘Prabina Kumar Meher <meherprabin@yahoo.com>’
No Authors@R field in DESCRIPTION.
Please add one, modifying
Authors@R: person(given = c("Prabina", "Kumar"),
family = "Meher",
role = c("aut", "cre"),
email = "meherprabin@yahoo.com")
as necessary.
Flavors: r-devel-linux-x86_64-debian-clang, r-devel-linux-x86_64-debian-gcc
Version: 1.0.2
Check: Rd cross-references
Result: NOTE
Found the following Rd file(s) with Rd \link{} targets missing package
anchors:
PredCRG.Rd: AAStringSet, readAAStringSet
PredCRG_Enc.Rd: AAStringSet, readAAStringSet
PredCRG_data.Rd: AAStringSet, readAAStringSet
PredCRG_training.Rd: AAStringSet, readAAStringSet, ksvm
Please provide package anchors for all Rd \link{} targets not in the
package itself and the base packages.
Flavors: r-devel-linux-x86_64-debian-clang, r-devel-linux-x86_64-debian-gcc, r-devel-windows-x86_64, r-patched-linux-x86_64, r-release-linux-x86_64, r-release-windows-x86_64