Last updated on 2025-05-14 02:50:22 CEST.
Flavor | Version | Tinstall | Tcheck | Ttotal | Status | Flags |
---|---|---|---|---|---|---|
r-devel-linux-x86_64-debian-clang | 0.2.5 | 4.99 | 42.17 | 47.16 | NOTE | |
r-devel-linux-x86_64-debian-gcc | 0.3.0 | 3.37 | 35.31 | 38.68 | OK | |
r-devel-linux-x86_64-fedora-clang | 0.3.0 | 85.48 | OK | |||
r-devel-linux-x86_64-fedora-gcc | 0.3.0 | 95.67 | OK | |||
r-devel-windows-x86_64 | 0.3.0 | 10.00 | 90.00 | 100.00 | OK | |
r-patched-linux-x86_64 | 0.2.5 | 5.15 | 41.05 | 46.20 | NOTE | |
r-release-linux-x86_64 | 0.2.5 | 4.77 | 40.54 | 45.31 | NOTE | |
r-release-macos-arm64 | 0.3.0 | 53.00 | OK | |||
r-release-macos-x86_64 | 0.3.0 | 47.00 | OK | |||
r-release-windows-x86_64 | 0.3.0 | 10.00 | 91.00 | 101.00 | OK | |
r-oldrel-macos-arm64 | 0.3.0 | 37.00 | OK | |||
r-oldrel-macos-x86_64 | 0.3.0 | 90.00 | OK | |||
r-oldrel-windows-x86_64 | 0.2.5 | 8.00 | 76.00 | 84.00 | OK |
Version: 0.2.5
Check: Rd cross-references
Result: NOTE
Found the following Rd file(s) with Rd \link{} targets missing package
anchors:
html_doc.Rd: whisker-package
ltx_doc.Rd: whisker-package
Please provide package anchors for all Rd \link{} targets not in the
package itself and the base packages.
Flavors: r-devel-linux-x86_64-debian-clang, r-patched-linux-x86_64, r-release-linux-x86_64