CRAN Package Check Results for Package RCognito

Last updated on 2025-05-14 02:50:23 CEST.

Flavor Version Tinstall Tcheck Ttotal Status Flags
r-devel-linux-x86_64-debian-clang 0.1.0 3.47 29.64 33.11 NOTE
r-devel-linux-x86_64-debian-gcc 0.1.0 2.07 23.46 25.53 NOTE
r-devel-linux-x86_64-fedora-clang 0.1.0 49.94 NOTE
r-devel-linux-x86_64-fedora-gcc 0.1.0 48.08 NOTE
r-devel-windows-x86_64 0.1.0 5.00 48.00 53.00 NOTE
r-patched-linux-x86_64 0.1.0 3.80 27.30 31.10 NOTE
r-release-linux-x86_64 0.1.0 3.31 27.08 30.39 NOTE
r-release-macos-arm64 0.1.0 22.00 NOTE
r-release-macos-x86_64 0.1.0 37.00 NOTE
r-release-windows-x86_64 0.1.0 5.00 48.00 53.00 NOTE
r-oldrel-macos-arm64 0.1.0 190.00 OK
r-oldrel-macos-x86_64 0.1.0 198.00 OK
r-oldrel-windows-x86_64 0.1.0 6.00 55.00 61.00 OK

Check Details

Version: 0.1.0
Check: DESCRIPTION meta-information
Result: NOTE Missing dependency on R >= 4.1.0 because package code uses the pipe |> or function shorthand \(...) syntax added in R 4.1.0. File(s) using such syntax: ‘utils.R’ Flavors: r-devel-linux-x86_64-debian-clang, r-devel-linux-x86_64-debian-gcc, r-devel-linux-x86_64-fedora-clang, r-devel-linux-x86_64-fedora-gcc, r-devel-windows-x86_64, r-patched-linux-x86_64, r-release-linux-x86_64, r-release-macos-arm64, r-release-macos-x86_64, r-release-windows-x86_64