Last updated on 2025-05-14 02:50:24 CEST.
Flavor | Version | Tinstall | Tcheck | Ttotal | Status | Flags |
---|---|---|---|---|---|---|
r-devel-linux-x86_64-debian-clang | 1.3.4 | 93.25 | 346.85 | 440.10 | OK | |
r-devel-linux-x86_64-debian-gcc | 1.3.4 | 53.32 | 244.93 | 298.25 | OK | |
r-devel-linux-x86_64-fedora-clang | 1.3.4 | 746.23 | NOTE | |||
r-devel-linux-x86_64-fedora-gcc | 1.3.4 | 717.65 | NOTE | |||
r-devel-windows-x86_64 | 1.3.4 | 101.00 | 442.00 | 543.00 | OK | |
r-patched-linux-x86_64 | 1.3.4 | 85.96 | 336.40 | 422.36 | OK | |
r-release-linux-x86_64 | 1.3.4 | 95.87 | 337.37 | 433.24 | OK | |
r-release-macos-arm64 | 1.3.4 | 270.00 | OK | |||
r-release-macos-x86_64 | 1.3.4 | 469.00 | OK | |||
r-release-windows-x86_64 | 1.3.4 | 102.00 | 437.00 | 539.00 | OK | |
r-oldrel-macos-arm64 | 1.3.4 | 256.00 | NOTE | |||
r-oldrel-macos-x86_64 | 1.3.4 | 374.00 | NOTE | |||
r-oldrel-windows-x86_64 | 1.3.4 | 133.00 | 551.00 | 684.00 | NOTE |
Version: 1.3.4
Check: dependencies in R code
Result: NOTE
Namespaces in Imports field not imported from:
‘Matrix’ ‘arules’ ‘pmml’ ‘rJava’
All declared Imports should be used.
Flavors: r-devel-linux-x86_64-fedora-clang, r-devel-linux-x86_64-fedora-gcc
Version: 1.3.4
Check: installed package size
Result: NOTE
installed size is 28.3Mb
sub-directories of 1Mb or more:
R 4.0Mb
exe 23.8Mb
Flavors: r-oldrel-macos-arm64, r-oldrel-macos-x86_64, r-oldrel-windows-x86_64