CRAN Package Check Results for Package RLescalation

Last updated on 2025-05-14 02:50:24 CEST.

Flavor Version Tinstall Tcheck Ttotal Status Flags
r-devel-linux-x86_64-debian-clang 1.0.2 3.61 29.22 32.83 OK
r-devel-linux-x86_64-debian-gcc 1.0.2 2.70 23.29 25.99 OK
r-devel-linux-x86_64-fedora-clang 1.0.2 52.13 OK
r-devel-linux-x86_64-fedora-gcc 1.0.2 65.89 OK
r-devel-windows-x86_64 1.0.2 4.00 50.00 54.00 OK
r-patched-linux-x86_64 1.0.2 4.03 27.02 31.05 OK
r-release-linux-x86_64 1.0.2 2.83 26.87 29.70 OK
r-release-macos-arm64 1.0.2 27.00 OK
r-release-macos-x86_64 1.0.2 67.00 OK
r-release-windows-x86_64 1.0.2 6.00 50.00 56.00 OK
r-oldrel-macos-arm64 1.0.2 28.00 OK
r-oldrel-macos-x86_64 1.0.2 94.00 OK
r-oldrel-windows-x86_64 1.0.2 6.00 58.00 64.00 ERROR

Check Details

Version: 1.0.2
Check: re-building of vignette outputs
Result: ERROR Error(s) in re-building vignettes: --- re-building 'RLescalation.Rmd' using rmarkdown File man/figures/logo.png not found in resource path Error: processing vignette 'RLescalation.Rmd' failed with diagnostics: pandoc document conversion failed with error 99 --- failed re-building 'RLescalation.Rmd' SUMMARY: processing the following file failed: 'RLescalation.Rmd' Error: Vignette re-building failed. Execution halted Flavor: r-oldrel-windows-x86_64