CRAN Package Check Results for Package ROMDB

Last updated on 2025-05-14 02:50:24 CEST.

Flavor Version Tinstall Tcheck Ttotal Status Flags
r-devel-linux-x86_64-debian-clang 0.1.0 4.88 38.23 43.11 NOTE
r-devel-linux-x86_64-debian-gcc 0.1.0 3.65 29.64 33.29 NOTE
r-devel-linux-x86_64-fedora-clang 0.1.0 70.63 OK
r-devel-linux-x86_64-fedora-gcc 0.1.0 63.64 OK
r-devel-windows-x86_64 0.1.0 7.00 57.00 64.00 OK
r-patched-linux-x86_64 0.1.0 4.86 36.02 40.88 OK
r-release-linux-x86_64 0.1.0 4.95 36.04 40.99 OK
r-release-macos-arm64 0.1.0 23.00 OK
r-release-macos-x86_64 0.1.0 42.00 OK
r-release-windows-x86_64 0.1.0 7.00 56.00 63.00 OK
r-oldrel-macos-arm64 0.1.0 23.00 NOTE
r-oldrel-macos-x86_64 0.1.0 34.00 NOTE
r-oldrel-windows-x86_64 0.1.0 8.00 66.00 74.00 NOTE

Check Details

Version: 0.1.0
Check: CRAN incoming feasibility
Result: NOTE Maintainer: ‘Alberto Almuiña <albertogonzalezalmuinha@gmail.com>’ No Authors@R field in DESCRIPTION. Please add one, modifying Authors@R: person(given = "Alberto", family = "Almuiña", role = c("aut", "cre"), email = "albertogonzalezalmuinha@gmail.com") as necessary. Flavors: r-devel-linux-x86_64-debian-clang, r-devel-linux-x86_64-debian-gcc

Version: 0.1.0
Check: LazyData
Result: NOTE 'LazyData' is specified without a 'data' directory Flavors: r-oldrel-macos-arm64, r-oldrel-macos-x86_64, r-oldrel-windows-x86_64