Last updated on 2025-05-13 03:50:43 CEST.
Flavor | Version | Tinstall | Tcheck | Ttotal | Status | Flags |
---|---|---|---|---|---|---|
r-devel-linux-x86_64-debian-clang | 1.4.8 | 55.39 | 55.15 | 110.54 | OK | |
r-devel-linux-x86_64-debian-gcc | 1.4.8 | 35.74 | 41.83 | 77.57 | OK | |
r-devel-linux-x86_64-fedora-clang | 1.4.8 | 209.49 | OK | |||
r-devel-linux-x86_64-fedora-gcc | 1.4.8 | 210.02 | OK | |||
r-devel-windows-x86_64 | 1.4.8 | 90.00 | 386.00 | 476.00 | OK | |
r-patched-linux-x86_64 | 1.4.8 | 50.05 | 52.10 | 102.15 | OK | |
r-release-linux-x86_64 | 1.4.8 | 51.58 | 52.80 | 104.38 | OK | |
r-release-macos-arm64 | 1.4.8 | 80.00 | OK | |||
r-release-macos-x86_64 | 1.4.8 | 115.00 | OK | |||
r-release-windows-x86_64 | 1.4.8 | 101.00 | 378.00 | 479.00 | OK | |
r-oldrel-macos-arm64 | 1.4.8 | 68.00 | NOTE | |||
r-oldrel-macos-x86_64 | 1.4.8 | 146.00 | NOTE | |||
r-oldrel-windows-x86_64 | 1.4.8 | 120.00 | 411.00 | 531.00 | NOTE |
Version: 1.4.8
Check: installed package size
Result: NOTE
installed size is 7.5Mb
sub-directories of 1Mb or more:
libs 7.0Mb
Flavors: r-oldrel-macos-arm64, r-oldrel-macos-x86_64, r-oldrel-windows-x86_64