Last updated on 2025-05-14 02:50:24 CEST.
Flavor | Version | Tinstall | Tcheck | Ttotal | Status | Flags |
---|---|---|---|---|---|---|
r-devel-linux-x86_64-debian-clang | 1.4-7 | 24.04 | 80.19 | 104.23 | NOTE | |
r-devel-linux-x86_64-debian-gcc | 1.4-7 | 12.88 | 56.92 | 69.80 | NOTE | |
r-devel-linux-x86_64-fedora-clang | 1.4-7 | 165.25 | OK | |||
r-devel-linux-x86_64-fedora-gcc | 1.4-7 | 159.52 | OK | |||
r-devel-windows-x86_64 | 1.4-7 | 23.00 | 100.00 | 123.00 | OK | |
r-patched-linux-x86_64 | 1.4-7 | 19.70 | 76.44 | 96.14 | OK | |
r-release-linux-x86_64 | 1.4-7 | 19.55 | 76.44 | 95.99 | OK | |
r-release-macos-arm64 | 1.4-7 | 54.00 | OK | |||
r-release-macos-x86_64 | 1.4-7 | 109.00 | OK | |||
r-release-windows-x86_64 | 1.4-7 | 23.00 | 102.00 | 125.00 | OK | |
r-oldrel-macos-arm64 | 1.4-7 | 46.00 | OK | |||
r-oldrel-macos-x86_64 | 1.4-7 | 104.00 | OK | |||
r-oldrel-windows-x86_64 | 1.4-7 | 28.00 | 122.00 | 150.00 | OK |
Version: 1.4-7
Check: CRAN incoming feasibility
Result: NOTE
Maintainer: ‘A. Randriamiharisoa <exelami@gmail.com>’
No Authors@R field in DESCRIPTION.
Please add one, modifying
Authors@R: c(person(given = "Alfio",
family = "Marazzi",
role = "aut",
email = "Alfio.Marazzi@unisante.ch"),
person(given = "Jean-Luc",
family = "Muralti",
role = "aut"),
person(given = "A.",
family = "Randriamiharisoa",
role = "cre",
email = "exelami@gmail.com"))
as necessary.
Flavors: r-devel-linux-x86_64-debian-clang, r-devel-linux-x86_64-debian-gcc