CRAN Package Check Results for Package SBCK

Last updated on 2025-05-14 02:50:25 CEST.

Flavor Version Tinstall Tcheck Ttotal Status Flags
r-devel-linux-x86_64-debian-clang 1.0.0 40.42 65.79 106.21 NOTE
r-devel-linux-x86_64-debian-gcc 1.0.0 29.63 46.65 76.28 NOTE
r-devel-linux-x86_64-fedora-clang 1.0.0 177.82 NOTE
r-devel-linux-x86_64-fedora-gcc 1.0.0 181.63 NOTE
r-devel-windows-x86_64 1.0.0 44.00 116.00 160.00 NOTE
r-patched-linux-x86_64 1.0.0 41.71 60.54 102.25 NOTE
r-release-linux-x86_64 1.0.0 41.37 60.90 102.27 NOTE
r-release-macos-arm64 1.0.0 54.00 NOTE
r-release-macos-x86_64 1.0.0 92.00 NOTE
r-release-windows-x86_64 1.0.0 46.00 117.00 163.00 NOTE
r-oldrel-macos-arm64 1.0.0 49.00 NOTE
r-oldrel-macos-x86_64 1.0.0 70.00 NOTE
r-oldrel-windows-x86_64 1.0.0 58.00 142.00 200.00 NOTE

Check Details

Version: 1.0.0
Check: Rd files
Result: NOTE checkRd: (-1) OTC.Rd:42: Lost braces; missing escapes or markup? 42 | discretizing R^{numbers of variables}. If NULL, it is estimating | ^ checkRd: (-1) OTC.Rd:83: Lost braces; missing escapes or markup? 83 | discretizing R^{numbers of variables}. If NULL, it is estimating | ^ checkRd: (-1) OTHist.Rd:29: Lost braces; missing escapes or markup? 29 | discretizing R^{numbers of variables}. If NULL, it is estimating | ^ checkRd: (-1) dOTC.Rd:72: Lost braces; missing escapes or markup? 72 | discretizing R^{numbers of variables}. If NULL, it is estimating | ^ Flavors: r-devel-linux-x86_64-debian-clang, r-devel-linux-x86_64-debian-gcc, r-devel-linux-x86_64-fedora-clang, r-devel-linux-x86_64-fedora-gcc, r-devel-windows-x86_64, r-patched-linux-x86_64, r-release-linux-x86_64, r-release-macos-arm64, r-release-macos-x86_64, r-release-windows-x86_64, r-oldrel-macos-arm64, r-oldrel-macos-x86_64, r-oldrel-windows-x86_64

Version: 1.0.0
Check: Rd cross-references
Result: NOTE Found the following Rd file(s) with Rd \link{} targets missing package anchors: Shift.Rd: R6Class Please provide package anchors for all Rd \link{} targets not in the package itself and the base packages. Flavors: r-devel-linux-x86_64-debian-clang, r-devel-linux-x86_64-debian-gcc, r-devel-windows-x86_64, r-patched-linux-x86_64, r-release-linux-x86_64, r-release-windows-x86_64

Version: 1.0.0
Check: installed package size
Result: NOTE installed size is 5.2Mb sub-directories of 1Mb or more: libs 3.9Mb Flavors: r-oldrel-macos-arm64, r-oldrel-macos-x86_64