CRAN Package Check Results for Package SVN

Last updated on 2025-05-14 02:50:28 CEST.

Flavor Version Tinstall Tcheck Ttotal Status Flags
r-devel-linux-x86_64-debian-clang 1.0.1 2.79 29.23 32.02 NOTE
r-devel-linux-x86_64-debian-gcc 1.0.1 2.67 22.65 25.32 NOTE
r-devel-linux-x86_64-fedora-clang 1.0.1 48.98 OK
r-devel-linux-x86_64-fedora-gcc 1.0.1 46.11 OK
r-devel-windows-x86_64 1.0.1 4.00 46.00 50.00 OK
r-patched-linux-x86_64 1.0.1 2.75 27.41 30.16 OK
r-release-linux-x86_64 1.0.1 2.58 26.86 29.44 OK
r-release-macos-arm64 1.0.1 24.00 OK
r-release-macos-x86_64 1.0.1 32.00 OK
r-release-windows-x86_64 1.0.1 5.00 47.00 52.00 OK
r-oldrel-macos-arm64 1.0.1 20.00 OK
r-oldrel-macos-x86_64 1.0.1 28.00 OK
r-oldrel-windows-x86_64 1.0.1 5.00 54.00 59.00 OK

Check Details

Version: 1.0.1
Check: CRAN incoming feasibility
Result: NOTE Maintainer: ‘Damien Challet <damien.challet@gmail.com>’ No Authors@R field in DESCRIPTION. Please add one, modifying Authors@R: person(given = "Damien", family = "Challet", role = c("aut", "cre"), email = "damien.challet@gmail.com") as necessary. Flavors: r-devel-linux-x86_64-debian-clang, r-devel-linux-x86_64-debian-gcc