Last updated on 2025-05-14 02:50:26 CEST.
Flavor | Version | Tinstall | Tcheck | Ttotal | Status | Flags |
---|---|---|---|---|---|---|
r-devel-linux-x86_64-debian-clang | 1.5 | 10.12 | 48.80 | 58.92 | NOTE | |
r-devel-linux-x86_64-debian-gcc | 1.5 | 6.47 | 34.55 | 41.02 | NOTE | |
r-devel-linux-x86_64-fedora-clang | 1.5 | 93.69 | NOTE | |||
r-devel-linux-x86_64-fedora-gcc | 1.5 | 89.30 | NOTE | |||
r-devel-windows-x86_64 | 1.5 | 10.00 | 65.00 | 75.00 | NOTE | |
r-patched-linux-x86_64 | 1.5 | 8.87 | 46.48 | 55.35 | NOTE | |
r-release-linux-x86_64 | 1.5 | 10.17 | 46.77 | 56.94 | NOTE | |
r-release-macos-arm64 | 1.5 | 28.00 | NOTE | |||
r-release-macos-x86_64 | 1.5 | 51.00 | NOTE | |||
r-release-windows-x86_64 | 1.5 | 10.00 | 66.00 | 76.00 | NOTE | |
r-oldrel-macos-arm64 | 1.5 | 26.00 | NOTE | |||
r-oldrel-macos-x86_64 | 1.5 | 38.00 | NOTE | |||
r-oldrel-windows-x86_64 | 1.5 | 14.00 | 74.00 | 88.00 | NOTE |
Version: 1.5
Check: CRAN incoming feasibility
Result: NOTE
Maintainer: ‘Xiyue Liao <xliao@sdsu.edu>’
No Authors@R field in DESCRIPTION.
Please add one, modifying
Authors@R: c(person(given = "Xiyue",
family = "Liao",
role = c("aut", "cre"),
email = "xliao@sdsu.edu"),
person(given = c("Mary", "C"),
family = "Meyer",
role = "aut"))
as necessary.
Flavors: r-devel-linux-x86_64-debian-clang, r-devel-linux-x86_64-debian-gcc
Version: 1.5
Check: Rd files
Result: NOTE
checkRd: (-1) changept.Rd:17-19: Lost braces in \itemize; meant \describe ?
checkRd: (-1) changept.Rd:20-21: Lost braces in \itemize; meant \describe ?
checkRd: (-1) changept.Rd:22: Lost braces in \itemize; meant \describe ?
Flavors: r-devel-linux-x86_64-debian-clang, r-devel-linux-x86_64-debian-gcc, r-devel-linux-x86_64-fedora-clang, r-devel-linux-x86_64-fedora-gcc, r-devel-windows-x86_64, r-patched-linux-x86_64, r-release-linux-x86_64, r-release-macos-arm64, r-release-macos-x86_64, r-release-windows-x86_64, r-oldrel-macos-arm64, r-oldrel-macos-x86_64, r-oldrel-windows-x86_64