Last updated on 2025-05-14 02:50:27 CEST.
Flavor | Version | Tinstall | Tcheck | Ttotal | Status | Flags |
---|---|---|---|---|---|---|
r-devel-linux-x86_64-debian-clang | 0.1.1 | 6.86 | 361.92 | 368.78 | NOTE | |
r-devel-linux-x86_64-debian-gcc | 0.1.1 | 4.56 | 223.13 | 227.69 | NOTE | |
r-devel-linux-x86_64-fedora-clang | 0.1.1 | 595.13 | OK | |||
r-devel-linux-x86_64-fedora-gcc | 0.1.1 | 594.91 | OK | |||
r-devel-windows-x86_64 | 0.1.1 | 10.00 | 319.00 | 329.00 | OK | |
r-patched-linux-x86_64 | 0.1.1 | 6.53 | 343.65 | 350.18 | OK | |
r-release-linux-x86_64 | 0.1.1 | 6.29 | 344.18 | 350.47 | OK | |
r-release-macos-arm64 | 0.1.1 | 146.00 | OK | |||
r-release-macos-x86_64 | 0.1.1 | 336.00 | OK | |||
r-release-windows-x86_64 | 0.1.1 | 8.00 | 376.00 | 384.00 | OK | |
r-oldrel-macos-arm64 | 0.1.1 | 141.00 | OK | |||
r-oldrel-macos-x86_64 | 0.1.1 | 266.00 | OK | |||
r-oldrel-windows-x86_64 | 0.1.1 | 9.00 | 474.00 | 483.00 | OK |
Version: 0.1.1
Check: CRAN incoming feasibility
Result: NOTE
Maintainer: ‘Jilber Urbina <JilberUrbina@gmail.com>’
No Authors@R field in DESCRIPTION.
Please add one, modifying
Authors@R: person(given = "Jilber",
family = "Urbina",
role = c("aut", "cre"),
email = "jilberurbina@gmail.com")
as necessary.
Flavors: r-devel-linux-x86_64-debian-clang, r-devel-linux-x86_64-debian-gcc