Last updated on 2025-05-14 02:50:28 CEST.
Flavor | Version | Tinstall | Tcheck | Ttotal | Status | Flags |
---|---|---|---|---|---|---|
r-devel-linux-x86_64-debian-clang | 0.1.0 | 6.74 | 74.25 | 80.99 | OK | |
r-devel-linux-x86_64-debian-gcc | 0.1.0 | 5.00 | 53.67 | 58.67 | OK | |
r-devel-linux-x86_64-fedora-clang | 0.1.0 | 130.47 | NOTE | |||
r-devel-linux-x86_64-fedora-gcc | 0.1.0 | 127.83 | NOTE | |||
r-devel-windows-x86_64 | 0.1.0 | 7.00 | 91.00 | 98.00 | OK | |
r-patched-linux-x86_64 | 0.1.0 | 7.42 | 71.87 | 79.29 | OK | |
r-release-linux-x86_64 | 0.1.0 | 7.56 | 71.06 | 78.62 | OK | |
r-release-macos-arm64 | 0.1.0 | 42.00 | OK | |||
r-release-macos-x86_64 | 0.1.0 | 77.00 | OK | |||
r-release-windows-x86_64 | 0.1.0 | 8.00 | 88.00 | 96.00 | OK | |
r-oldrel-macos-arm64 | 0.1.0 | 37.00 | NOTE | |||
r-oldrel-macos-x86_64 | 0.1.0 | 54.00 | NOTE | |||
r-oldrel-windows-x86_64 | 0.1.0 | 10.00 | 106.00 | 116.00 | NOTE |
Version: 0.1.0
Check: dependencies in R code
Result: NOTE
Namespace in Imports field not imported from: ‘base’
All declared Imports should be used.
Flavors: r-devel-linux-x86_64-fedora-clang, r-devel-linux-x86_64-fedora-gcc
Version: 0.1.0
Check: LazyData
Result: NOTE
'LazyData' is specified without a 'data' directory
Flavors: r-oldrel-macos-arm64, r-oldrel-macos-x86_64, r-oldrel-windows-x86_64