Last updated on 2025-05-14 02:50:28 CEST.
Flavor | Version | Tinstall | Tcheck | Ttotal | Status | Flags |
---|---|---|---|---|---|---|
r-devel-linux-x86_64-debian-clang | 0.1.2 | 75.99 | 121.09 | 197.08 | OK | |
r-devel-linux-x86_64-debian-gcc | 0.1.2 | 61.07 | 87.38 | 148.45 | OK | |
r-devel-linux-x86_64-fedora-clang | 0.1.2 | 347.44 | OK | |||
r-devel-linux-x86_64-fedora-gcc | 0.1.2 | 383.72 | OK | |||
r-devel-windows-x86_64 | 0.1.2 | 90.00 | 149.00 | 239.00 | OK | |
r-patched-linux-x86_64 | 0.1.2 | 84.60 | 115.37 | 199.97 | OK | |
r-release-linux-x86_64 | 0.1.2 | 81.70 | 114.43 | 196.13 | OK | |
r-release-macos-arm64 | 0.1.2 | 84.00 | OK | |||
r-release-macos-x86_64 | 0.1.2 | 153.00 | OK | |||
r-release-windows-x86_64 | 0.1.2 | 92.00 | 140.00 | 232.00 | OK | |
r-oldrel-macos-arm64 | 0.1.2 | 79.00 | NOTE | |||
r-oldrel-macos-x86_64 | 0.1.2 | 117.00 | NOTE | |||
r-oldrel-windows-x86_64 | 0.1.2 | 106.00 | 179.00 | 285.00 | NOTE |
Version: 0.1.2
Check: installed package size
Result: NOTE
installed size is 9.1Mb
sub-directories of 1Mb or more:
data 4.3Mb
libs 4.5Mb
Flavors: r-oldrel-macos-arm64, r-oldrel-macos-x86_64, r-oldrel-windows-x86_64