Last updated on 2025-05-14 02:50:28 CEST.
Flavor | Version | Tinstall | Tcheck | Ttotal | Status | Flags |
---|---|---|---|---|---|---|
r-devel-linux-x86_64-debian-clang | 0.1-2 | 4.66 | 37.31 | 41.97 | NOTE | |
r-devel-linux-x86_64-debian-gcc | 0.1-2 | 3.63 | 28.02 | 31.65 | NOTE | |
r-devel-linux-x86_64-fedora-clang | 0.1-2 | 64.10 | OK | |||
r-devel-linux-x86_64-fedora-gcc | 0.1-2 | 61.94 | OK | |||
r-devel-windows-x86_64 | 0.1-2 | 6.00 | 58.00 | 64.00 | OK | |
r-patched-linux-x86_64 | 0.1-2 | 5.12 | 35.79 | 40.91 | OK | |
r-release-linux-x86_64 | 0.1-2 | 5.18 | 35.89 | 41.07 | OK | |
r-release-macos-arm64 | 0.1-2 | 24.00 | OK | |||
r-release-macos-x86_64 | 0.1-2 | 40.00 | OK | |||
r-release-windows-x86_64 | 0.1-2 | 5.00 | 57.00 | 62.00 | OK | |
r-oldrel-macos-arm64 | 0.1-2 | 23.00 | OK | |||
r-oldrel-macos-x86_64 | 0.1-2 | 34.00 | OK | |||
r-oldrel-windows-x86_64 | 0.1-2 | 5.00 | 64.00 | 69.00 | OK |
Version: 0.1-2
Check: CRAN incoming feasibility
Result: NOTE
Maintainer: ‘Mikael Lucas <mikael.lucas@ird.fr>’
No Authors@R field in DESCRIPTION.
Please add one, modifying
Authors@R: c(person(given = "Julien",
family = "Lavenus",
role = "aut"),
person(given = "Mikael",
family = "Lucas",
role = "cre",
email = "mikael.lucas@ird.fr"))
as necessary.
Flavors: r-devel-linux-x86_64-debian-clang, r-devel-linux-x86_64-debian-gcc