Last updated on 2025-05-14 02:50:28 CEST.
Flavor | Version | Tinstall | Tcheck | Ttotal | Status | Flags |
---|---|---|---|---|---|---|
r-devel-linux-x86_64-debian-clang | 0.2.0 | 7.31 | 63.68 | 70.99 | NOTE | |
r-devel-linux-x86_64-debian-gcc | 0.2.0 | 5.08 | 47.49 | 52.57 | NOTE | |
r-devel-linux-x86_64-fedora-clang | 0.2.0 | 107.16 | OK | |||
r-devel-linux-x86_64-fedora-gcc | 0.2.0 | 104.74 | OK | |||
r-devel-windows-x86_64 | 0.2.0 | 8.00 | 80.00 | 88.00 | OK | |
r-patched-linux-x86_64 | 0.2.0 | 7.74 | 61.28 | 69.02 | OK | |
r-release-linux-x86_64 | 0.2.0 | 6.95 | 61.11 | 68.06 | OK | |
r-release-macos-arm64 | 0.2.0 | 41.00 | OK | |||
r-release-macos-x86_64 | 0.2.0 | 67.00 | OK | |||
r-release-windows-x86_64 | 0.2.0 | 8.00 | 80.00 | 88.00 | OK | |
r-oldrel-macos-arm64 | 0.2.0 | 32.00 | NOTE | |||
r-oldrel-macos-x86_64 | 0.2.0 | 64.00 | NOTE | |||
r-oldrel-windows-x86_64 | 0.2.0 | 10.00 | 96.00 | 106.00 | NOTE |
Version: 0.2.0
Check: CRAN incoming feasibility
Result: NOTE
Maintainer: ‘Hong Zhang <hzhang@wpi.edu>’
No Authors@R field in DESCRIPTION.
Please add one, modifying
Authors@R: c(person(given = "Hong",
family = "Zhang",
role = c("aut", "cre"),
email = "hzhang@wpi.edu"),
person(given = "Zheyang",
family = "Wu",
role = "aut"))
as necessary.
Flavors: r-devel-linux-x86_64-debian-clang, r-devel-linux-x86_64-debian-gcc
Version: 0.2.0
Check: LazyData
Result: NOTE
'LazyData' is specified without a 'data' directory
Flavors: r-oldrel-macos-arm64, r-oldrel-macos-x86_64, r-oldrel-windows-x86_64