Last updated on 2025-05-14 02:50:29 CEST.
Flavor | Version | Tinstall | Tcheck | Ttotal | Status | Flags |
---|---|---|---|---|---|---|
r-devel-linux-x86_64-debian-clang | 0.1.7 | 7.59 | 75.76 | 83.35 | OK | |
r-devel-linux-x86_64-debian-gcc | 0.1.7 | 5.59 | 53.80 | 59.39 | OK | |
r-devel-linux-x86_64-fedora-clang | 0.1.7 | 133.18 | NOTE | |||
r-devel-linux-x86_64-fedora-gcc | 0.1.7 | 138.26 | NOTE | |||
r-devel-windows-x86_64 | 0.1.7 | 10.00 | 92.00 | 102.00 | OK | |
r-patched-linux-x86_64 | 0.1.7 | 8.36 | 71.12 | 79.48 | OK | |
r-release-linux-x86_64 | 0.1.7 | 8.21 | 71.17 | 79.38 | OK | |
r-release-macos-arm64 | 0.1.7 | 49.00 | OK | |||
r-release-macos-x86_64 | 0.1.7 | 113.00 | OK | |||
r-release-windows-x86_64 | 0.1.7 | 10.00 | 200.00 | 210.00 | OK | |
r-oldrel-macos-arm64 | 0.1.7 | 41.00 | OK | |||
r-oldrel-macos-x86_64 | 0.1.7 | 98.00 | OK | |||
r-oldrel-windows-x86_64 | 0.1.7 | 13.00 | 213.00 | 226.00 | OK |
Version: 0.1.7
Check: dependencies in R code
Result: NOTE
Namespace in Imports field not imported from: ‘forecastHybrid’
All declared Imports should be used.
Flavors: r-devel-linux-x86_64-fedora-clang, r-devel-linux-x86_64-fedora-gcc