Last updated on 2025-05-14 02:50:29 CEST.
Flavor | Version | Tinstall | Tcheck | Ttotal | Status | Flags |
---|---|---|---|---|---|---|
r-devel-linux-x86_64-debian-clang | 0.10.1 | 6.79 | 78.61 | 85.40 | NOTE | |
r-devel-linux-x86_64-debian-gcc | 0.10.1 | 5.02 | 54.69 | 59.71 | NOTE | |
r-devel-linux-x86_64-fedora-clang | 0.10.1 | 133.60 | NOTE | |||
r-devel-linux-x86_64-fedora-gcc | 0.10.1 | 128.06 | NOTE | |||
r-devel-windows-x86_64 | 0.10.1 | 8.00 | 95.00 | 103.00 | NOTE | |
r-patched-linux-x86_64 | 0.10.1 | 6.75 | 72.73 | 79.48 | NOTE | |
r-release-linux-x86_64 | 0.10.1 | 6.82 | 73.06 | 79.88 | NOTE | |
r-release-macos-arm64 | 0.10.1 | 37.00 | NOTE | |||
r-release-macos-x86_64 | 0.10.1 | 71.00 | NOTE | |||
r-release-windows-x86_64 | 0.10.1 | 8.00 | 92.00 | 100.00 | NOTE | |
r-oldrel-macos-arm64 | 0.10.1 | 35.00 | NOTE | |||
r-oldrel-macos-x86_64 | 0.10.1 | 57.00 | NOTE | |||
r-oldrel-windows-x86_64 | 0.10.1 | 11.00 | 116.00 | 127.00 | NOTE |
Version: 0.10.1
Check: CRAN incoming feasibility
Result: NOTE
Maintainer: ‘Henrik Bengtsson <henrikb@braju.com>’
Package CITATION file contains call(s) to old-style citEntry(). Please
use bibentry() instead.
Flavors: r-devel-linux-x86_64-debian-clang, r-devel-linux-x86_64-debian-gcc
Version: 0.10.1
Check: Rd files
Result: NOTE
checkRd: (-1) TopDom.Rd:21: Lost braces; missing escapes or markup?
21 | Recommended range is in {5, ..., 20}.}
| ^
Flavors: r-devel-linux-x86_64-debian-clang, r-devel-linux-x86_64-debian-gcc, r-devel-linux-x86_64-fedora-clang, r-devel-linux-x86_64-fedora-gcc, r-devel-windows-x86_64, r-patched-linux-x86_64, r-release-linux-x86_64, r-release-macos-arm64, r-release-macos-x86_64, r-release-windows-x86_64, r-oldrel-macos-arm64, r-oldrel-macos-x86_64, r-oldrel-windows-x86_64