Last updated on 2025-05-14 02:50:29 CEST.
Flavor | Version | Tinstall | Tcheck | Ttotal | Status | Flags |
---|---|---|---|---|---|---|
r-devel-linux-x86_64-debian-clang | 1.0.8 | 10.23 | 98.07 | 108.30 | NOTE | |
r-devel-linux-x86_64-debian-gcc | 1.0.8 | 6.58 | 73.39 | 79.97 | NOTE | |
r-devel-linux-x86_64-fedora-clang | 1.0.8 | 177.42 | OK | |||
r-devel-linux-x86_64-fedora-gcc | 1.0.8 | 185.45 | OK | |||
r-devel-windows-x86_64 | 1.0.8 | 14.00 | 134.00 | 148.00 | OK | |
r-patched-linux-x86_64 | 1.0.8 | 10.17 | 92.97 | 103.14 | OK | |
r-release-linux-x86_64 | 1.0.8 | 9.29 | 93.99 | 103.28 | OK | |
r-release-macos-arm64 | 1.0.8 | 71.00 | OK | |||
r-release-macos-x86_64 | 1.0.8 | 114.00 | OK | |||
r-release-windows-x86_64 | 1.0.8 | 13.00 | 128.00 | 141.00 | OK | |
r-oldrel-macos-arm64 | 1.0.8 | 59.00 | NOTE | |||
r-oldrel-macos-x86_64 | 1.0.8 | 130.00 | NOTE | |||
r-oldrel-windows-x86_64 | 1.0.8 | 17.00 | 155.00 | 172.00 | NOTE |
Version: 1.0.8
Check: CRAN incoming feasibility
Result: NOTE
Maintainer: ‘Bastian Pfeifer <bastian.pfeifer@medunigraz.at>’
No Authors@R field in DESCRIPTION.
Please add one, modifying
Authors@R: c(person(given = c("Michael", "G."),
family = "Schimek",
role = "aut"),
person(given = "Eva",
family = "Budinska",
role = "aut"),
person(given = "Jie",
family = "Ding",
role = "aut"),
person(given = c("Karl", "G."),
family = "Kugler",
role = "aut"),
person(given = "Vendula",
family = "Svendova",
role = "aut"),
person(given = "Shili",
family = "Lin",
role = "aut"),
person(given = "Bastian",
family = "Pfeifer",
role = c("aut", "cre"),
email = "bastian.pfeifer@medunigraz.at"))
as necessary.
Flavors: r-devel-linux-x86_64-debian-clang, r-devel-linux-x86_64-debian-gcc
Version: 1.0.8
Check: package dependencies
Result: NOTE
Packages suggested but not available for checking:
'RGtk2', 'gWidgets2RGtk2'
Flavors: r-oldrel-macos-arm64, r-oldrel-macos-x86_64, r-oldrel-windows-x86_64